{"id":94,"date":"2018-12-05T16:42:03","date_gmt":"2018-12-05T15:42:03","guid":{"rendered":"http:\/\/nestia.be\/?page_id=94"},"modified":"2026-03-04T16:17:28","modified_gmt":"2026-03-04T15:17:28","slug":"vanessa-araujo-osteopathie","status":"publish","type":"page","link":"https:\/\/nestia.be\/index.php\/vanessa-araujo-osteopathie\/","title":{"rendered":"Vanessa ARAUJO MI\u00d1O &#8211; Ost\u00e9opathe D.O."},"content":{"rendered":"<div id=\"pl-94\"  class=\"panel-layout\" ><div id=\"pg-94-0\"  class=\"panel-grid panel-no-style\" ><div id=\"pgc-94-0-0\"  class=\"panel-grid-cell\" ><div id=\"panel-94-0-0-0\" class=\"so-panel widget widget_sow-editor panel-first-child panel-last-child\" data-index=\"0\" ><div\n\t\t\t\n\t\t\tclass=\"so-widget-sow-editor so-widget-sow-editor-base\"\n\t\t\t\n\t\t>\n<div class=\"siteorigin-widget-tinymce textwidget\">\n\t<p><img loading=\"lazy\" decoding=\"async\" class=\"aligncenter size-medium wp-image-1392\" src=\"http:\/\/nestia.be\/wp-content\/uploads\/2021\/09\/IMG_4226-300x300.jpg\" alt=\"\" width=\"300\" height=\"300\" srcset=\"https:\/\/nestia.be\/wp-content\/uploads\/2021\/09\/IMG_4226-300x300.jpg 300w, https:\/\/nestia.be\/wp-content\/uploads\/2021\/09\/IMG_4226-1024x1024.jpg 1024w, https:\/\/nestia.be\/wp-content\/uploads\/2021\/09\/IMG_4226-150x150.jpg 150w, https:\/\/nestia.be\/wp-content\/uploads\/2021\/09\/IMG_4226-768x768.jpg 768w, https:\/\/nestia.be\/wp-content\/uploads\/2021\/09\/IMG_4226-1536x1536.jpg 1536w, https:\/\/nestia.be\/wp-content\/uploads\/2021\/09\/IMG_4226-2048x2048.jpg 2048w, https:\/\/nestia.be\/wp-content\/uploads\/2021\/09\/IMG_4226-500x500.jpg 500w, https:\/\/nestia.be\/wp-content\/uploads\/2021\/09\/IMG_4226-800x800.jpg 800w, https:\/\/nestia.be\/wp-content\/uploads\/2021\/09\/IMG_4226-1280x1280.jpg 1280w, https:\/\/nestia.be\/wp-content\/uploads\/2021\/09\/IMG_4226-1920x1920.jpg 1920w, https:\/\/nestia.be\/wp-content\/uploads\/2021\/09\/IMG_4226-612x612.jpg 612w, https:\/\/nestia.be\/wp-content\/uploads\/2021\/09\/IMG_4226-1224x1224.jpg 1224w, https:\/\/nestia.be\/wp-content\/uploads\/2021\/09\/IMG_4226-936x936.jpg 936w, https:\/\/nestia.be\/wp-content\/uploads\/2021\/09\/IMG_4226-1872x1872.jpg 1872w, https:\/\/nestia.be\/wp-content\/uploads\/2021\/09\/IMG_4226-1440x1440.jpg 1440w, https:\/\/nestia.be\/wp-content\/uploads\/2021\/09\/IMG_4226-720x720.jpg 720w\" sizes=\"auto, (max-width: 300px) 100vw, 300px\" \/><\/p>\n<h5><strong>Prise de rendez-vous en ligne<\/strong><\/h5>\n\n<script>\n  if (typeof hasAmeliaEntitiesApiCall === 'undefined' && ('' === '' && '' !== '1')) {\n    var hasAmeliaEntitiesApiCall = true;\n  }\n  var ameliaShortcodeData = (typeof ameliaShortcodeData === 'undefined') ? [] : ameliaShortcodeData;\n  ameliaShortcodeData.push(\n    {\n      'hasApiCall': (typeof hasAmeliaEntitiesApiCall !== 'undefined') && hasAmeliaEntitiesApiCall,\n      'trigger': '',\n      'trigger_type': '',\n      'triggered_form': 'sbsNew',\n      'in_dialog': '',\n      'show': '',\n      'counter': '1000',\n      'category': '',\n      'service': '',\n      'employee': '2',\n      'location': '',\n      'package': '',\n      'layout': '',\n    }\n  );\n\n  var ameliaShortcodeDataTriggered = (typeof ameliaShortcodeDataTriggered === 'undefined') ? [] : ameliaShortcodeDataTriggered;\n  if (ameliaShortcodeData[ameliaShortcodeData.length - 1].trigger !== '') {\n    if (ameliaShortcodeDataTriggered.filter(a => a.counter === ameliaShortcodeData[ameliaShortcodeData.length - 1].counter).length === 0) {\n      ameliaShortcodeDataTriggered.push(ameliaShortcodeData.pop());\n    } else {\n      ameliaShortcodeData.pop()\n    }\n  }\n  if (typeof hasAmeliaEntitiesApiCall !== 'undefined' && hasAmeliaEntitiesApiCall) {\n    hasAmeliaEntitiesApiCall = false;\n  }\n<\/script>\n\n<div\n  id=\"amelia-v2-booking-1000\"\n  class=\"amelia-v2-booking\"\n >\n    <step-form-wrapper><\/step-form-wrapper><\/div>\n\n<p><span style=\"color: #1b7575;\"><b>Consultations<\/b><\/span><\/p>\n<p><span style=\"color: #1b7575;\">Lundi 12h30 -18h30<\/span><\/p>\n<p><span style=\"color: #1b7575;\">Mardi 15h15 - 18h30<\/span><\/p>\n<p><span style=\"color: #1b7575;\">Mercredi 8h45 <\/span><span style=\"color: #1b7575;\">- 18h30<\/span><\/p>\n<p><span style=\"color: #1b7575;\">Jeudi 12h30 -16h30<\/span><\/p>\n<p><span style=\"font-weight: 400; color: #1b7575;\">Vendredi 8h45 - 18h30<\/span><\/p>\n<p>&nbsp;<\/p>\n<p><span style=\"color: #1b7575;\"><strong>Contact<\/strong><\/span><\/p>\n<p><span style=\"font-weight: 400; color: #1b7575;\">Fran\u00e7ais<\/span><\/p>\n<p><span style=\"font-weight: 400; color: #1b7575;\">Espagnol <\/span><\/p>\n<p><span style=\"font-weight: 400; color: #1b7575;\">Anglais<\/span><\/p>\n<p><span style=\"font-weight: 400; color: #1b7575;\">0478\/30.28.16<\/span><\/p>\n<p><span style=\"font-weight: 400; color: #1b7575;\">vanessa.araujo.mino@gmail.com<\/span><\/p>\n<p>&nbsp;<\/p>\n<p>&nbsp;<\/p>\n<\/div>\n<\/div><\/div><\/div><div id=\"pgc-94-0-1\"  class=\"panel-grid-cell\" ><div id=\"panel-94-0-1-0\" class=\"so-panel widget widget_sow-editor panel-first-child\" data-index=\"1\" ><div\n\t\t\t\n\t\t\tclass=\"so-widget-sow-editor so-widget-sow-editor-base\"\n\t\t\t\n\t\t><h3 class=\"widget-title\"> <\/h3>\n<div class=\"siteorigin-widget-tinymce textwidget\">\n\t<h5>ost\u00e9opathe au Centre Nestia \u00e0 Auderghem, Bruxelles re\u00e7oit les b\u00e9b\u00e9s, enfants, femmes enceintes et adultes. S\u00e9ances en fran\u00e7ais, anglais et espagnol.<\/h5>\n<p>&nbsp;<\/p>\n<\/div>\n<\/div><\/div><div id=\"panel-94-0-1-1\" class=\"so-panel widget widget_sow-editor panel-last-child\" data-index=\"2\" ><div class=\"panel-widget-style panel-widget-style-for-94-0-1-1\" ><div\n\t\t\t\n\t\t\tclass=\"so-widget-sow-editor so-widget-sow-editor-base\"\n\t\t\t\n\t\t>\n<div class=\"siteorigin-widget-tinymce textwidget\">\n\t<h5 style=\"text-align: left;\"><span style=\"color: #808080;\">OSTEOPATHIE DU NOUVEAU-ne et Nourrisson<\/span><\/h5>\n<h5 style=\"text-align: left;\"><span style=\"color: #808080;\">OSTEOPATHIE DE L'ENFANT<\/span><\/h5>\n<h5 style=\"text-align: left;\"><span style=\"color: #808080;\">OSTEOPATHIE DE LA FEMME ENCEINTE<\/span><\/h5>\n<h5 style=\"text-align: left;\"><span style=\"color: #808080;\">OSTEOPATHIE DE L'ADULTE&nbsp;<\/span><\/h5>\n<p>&nbsp;<\/p>\n<p>En compl\u00e9ment de mon activit\u00e9 d\u2019<strong data-start=\"2224\" data-end=\"2251\">ost\u00e9opathe pour adultes<\/strong>, je me suis sp\u00e9cialis\u00e9e en <strong data-start=\"357\" data-end=\"384\">ost\u00e9opathie p\u00e9diatrique<\/strong> et en <strong data-start=\"391\" data-end=\"407\">p\u00e9rinatalit\u00e9. <\/strong>Je vous accompagne \u00e0 chaque \u00e9tape de la vie : <strong data-start=\"455\" data-end=\"547\">nouveau-n\u00e9s, nourrissons, enfants, adolescents, adultes, femmes enceintes et post-partum<\/strong>.<br data-start=\"548\" data-end=\"551\"\/>Mon approche repose sur une <strong data-start=\"579\" data-end=\"606\">prise en charge globale<\/strong>, douce et personnalis\u00e9e, centr\u00e9e sur l\u2019\u00e9coute du corps et le respect de ses capacit\u00e9s d\u2019adaptation.<\/p>\n<p><span style=\"color: #808080;\"><strong>Mon parcours<\/strong><\/span><\/p>\n<p>Depuis toujours passionn\u00e9e par le corps humain, son fonctionnement et son mouvement, j\u2019ai d\u00e9but\u00e9 ma formation par des \u00e9tudes de kin\u00e9sith\u00e9rapie \u00e0 l\u2019Universit\u00e9 Libre de Bruxelles, o\u00f9 j\u2019ai obtenu un master en sciences de la motricit\u00e9.<\/p>\n<p>Souhaitant approfondir ma compr\u00e9hension du corps dans sa globalit\u00e9, j\u2019ai poursuivi un cursus complet de 5 ans en ost\u00e9opathie au Coll\u00e8ge Belge d\u2019Ost\u00e9opathie, en parall\u00e8le de mon activit\u00e9 de kin\u00e9sith\u00e9rapeute. Cette formation m\u2019a permis de d\u00e9velopper une approche pr\u00e9cise, manuelle et individualis\u00e9e.<br data-start=\"1321\" data-end=\"1324\"\/>J\u2019ai \u00e9galement effectu\u00e9 des stages cliniques \u00e0 l\u2019European School of Osteopathy (Angleterre, Maidstone), enrichissant ma pratique par une exp\u00e9rience internationale.<\/p>\n<p>Mon parcours professionnel comme kin\u00e9sith\u00e9rapeute m\u2019a men\u00e9e \u00e0 travailler \u00e0 <strong>l\u2019h\u00f4pital Erasme<\/strong>, au sein du service m\u00e8re-enfant, o\u00f9 j\u2019ai d\u00e9velopp\u00e9 un int\u00e9r\u00eat particulier pour la p\u00e9diatrie et ses sp\u00e9cificit\u00e9s.<br data-start=\"1736\" data-end=\"1739\"\/>J\u2019ai ensuite exerc\u00e9 \u00e0 l\u2019Institut Royal d\u2019Accueil pour le Handicap Moteur (<strong>IRAHM<\/strong>), aupr\u00e8s d\u2019enfants et d\u2019adolescents pr\u00e9sentant un handicap moteur.<\/p>\n<p>Ces exp\u00e9riences m\u2019ont permis d\u2019approfondir ma pratique dans le domaine de la p\u00e9diatrie.<\/p>\n<p>Depuis janvier 2023, j\u2019ai int\u00e9gr\u00e9 le service d\u2019ost\u00e9opathie p\u00e9diatrique du <strong>CHU Saint-Pierre<\/strong>, o\u00f9 j\u2019interviens en maternit\u00e9 et en n\u00e9onatologie. J\u2019y accompagne les b\u00e9b\u00e9s d\u00e8s la naissance et soutiens les parents, notamment les mamans dans leur parcours d\u2019allaitement.<\/p>\n<p><strong>D\u00e9roulement d\u2019une s\u00e9ance d\u2019ost\u00e9opathie<\/strong><\/p>\n<p>Chaque s\u00e9ance d\u2019ost\u00e9opathie est un temps d\u2019<strong data-start=\"2808\" data-end=\"2818\">\u00e9coute<\/strong>, d\u2019\u00e9change et de soin, visant \u00e0 comprendre l\u2019origine de vos douleurs ou de celles de votre enfant.<\/p>\n<p><strong>Consultation ost\u00e9opathique personnalis\u00e9e<\/strong><\/p>\n<p>La s\u00e9ance d\u00e9bute par un entretien approfondi afin de retracer votre historique m\u00e9dical. Je r\u00e9alise ensuite des tests ost\u00e9opathiques pour identifier les restrictions de mobilit\u00e9.<\/p>\n<p>Le traitement repose sur des techniques ost\u00e9opathiques douces, adapt\u00e9es \u00e0 l\u2019\u00e2ge, \u00e0 la morphologie, aux douleurs et \u00e0 l\u2019\u00e9tat \u00e9motionnel du patient. L\u2019objectif est de : restaurer la mobilit\u00e9 des tissus, am\u00e9liorer les \u00e9changes tissulaires et stimuler les capacit\u00e9s d\u2019auto-r\u00e9gulation et d\u2019auto-gu\u00e9rison du corps.<\/p>\n<p data-start=\"3520\" data-end=\"3670\">La s\u00e9ance se termine par des explications claires et, si n\u00e9cessaire, des conseils personnalis\u00e9s afin de prolonger les bienfaits du traitement.<\/p>\n<p data-start=\"3520\" data-end=\"3670\"><strong>Info Pratiques<\/strong><\/p>\n<div id=\"SITE_PAGES\" class=\"JsJXaX SITE_PAGES\">\n<div id=\"SITE_PAGES_TRANSITION_GROUP\" class=\"AnQkDU\">\n<div id=\"qvju5\" class=\"dBAkHi theme-vars qvju5\">\n<div class=\"HT5ybB\">\n<div id=\"Containerqvju5\" class=\"Containerqvju5 SPY_vo\">\n<div class=\"\" data-mesh-id=\"Containerqvju5inlineContent\" data-testid=\"inline-content\">\n<div data-mesh-id=\"Containerqvju5inlineContent-gridContainer\" data-testid=\"mesh-container-content\">\n<section id=\"comp-ixyiotkp\" class=\"comp-ixyiotkp CohWsy wixui-column-strip\">\n<div class=\"V5AUxf\" data-testid=\"columns\">\n<div id=\"comp-ixyiotkq\" class=\"comp-ixyiotkq YzqVVZ wixui-column-strip__column\">\n<div class=\"\" data-mesh-id=\"comp-ixyiotkqinlineContent\" data-testid=\"inline-content\">\n<div data-mesh-id=\"comp-ixyiotkqinlineContent-gridContainer\" data-testid=\"mesh-container-content\">\n<div id=\"comp-ji92c41s\" class=\"Z_l5lU ku3DBC zQ9jDz qvSjx3 Vq6kJx comp-ji92c41s wixui-rich-text\" data-testid=\"richTextElement\">\n<p class=\"font_8 wixui-rich-text__text\"><span class=\"wixui-rich-text__text\">La dur\u00e9e de la s\u00e9ance est de 45 minutes et co\u00fbte 70 euros. <\/span><span class=\"wixui-rich-text__text\">Il est possible de&nbsp; payer par cash, QR code ou par virement mobile.<\/span><\/p>\n<p class=\"font_8 wixui-rich-text__text\"><span class=\"wixui-rich-text__text\">Entre 10 et 15 euros vous seront rembours\u00e9s par votre mutuelle. <\/span><span class=\"wixui-rich-text__text\">Plus d'information pour le remboursement:&nbsp;<a class=\"wixui-rich-text__text\" href=\"https:\/\/osteopathie.be\/fr\/patient\/cout-et-remboursement\" target=\"_blank\" rel=\"noreferrer noopener\">cliquez ici<\/a>. <\/span><span class=\"wixui-rich-text__text\">En cas d'annulation de la s\u00e9ance le jour m\u00eame, celle-ci est due.&nbsp;<\/span><\/p>\n<p data-start=\"117\" data-end=\"317\">Afin d\u2019assurer une organisation harmonieuse du cabinet et de pouvoir proposer les cr\u00e9neaux disponibles \u00e0 d\u2019autres patients, merci de me pr\u00e9venir <strong data-start=\"262\" data-end=\"295\">au moins 24 heures \u00e0 l\u2019avance<\/strong> en cas d\u2019emp\u00eachement.<\/p>\n<p data-start=\"319\" data-end=\"396\">Toute annulation tardive ou absence non signal\u00e9e entra\u00eenera un d\u00e9dommagement.<\/p>\n<p data-start=\"398\" data-end=\"520\">Merci de votre compr\u00e9hension et de votre respect, qui contribuent \u00e0 garantir une prise en charge de qualit\u00e9 pour chacun.<\/p>\n<\/div>\n<\/div>\n<\/div>\n<\/div>\n<\/div>\n<\/section>\n<\/div>\n<\/div>\n<\/div>\n<\/div>\n<\/div>\n<\/div>\n<\/div>\n<p><span style=\"color: #808080;\"><b>Formations effectu\u00e9es<\/b><\/span><\/p>\n<p>Allaitement maternel: l'essentiel du premier mois et le r\u00f4le de l'ost\u00e9opathie (CFPCP Paris 2024)<\/p>\n<p>Eveil sensori-moteur sp\u00e9cifique du b\u00e9b\u00e9 pr\u00e9matur\u00e9&nbsp; (Nidcap Training Brussels Center - Novembre 2023)&nbsp;<\/p>\n<p>Formation CLE (Compr\u00e9hension du langage de l'enfant&nbsp;(Nidcap Training Brussels Center - mai 2023)<\/p>\n<p>Besoins sensori-moteurs du b\u00e9b\u00e9&nbsp; \u00e0 travers les diff\u00e9rentes s\u00e9quences de son d\u00e9v\u00e9loppement de la naissance \u00e0 la marche (Nidcap Training Brussels Center - Octobre 2022)<\/p>\n<p><span lang=\"fr-FR\">Certificat d\u2019aptitude&nbsp;\u00e0 la pratique de l\u2019Ost\u00e9opathie P\u00e9rinatale et P\u00e9diatrique.<\/span><span lang=\"fr-FR\"> OPP Formation, (Paris 2021-2022)&nbsp;<\/span><\/p>\n<p><span lang=\"fr-FR\">Prise en charge Ost\u00e9opathique de la sph\u00e8re uro-gynitale f\u00e9minine. Ost\u00e9onat (France-2021)<\/span><\/p>\n<p><span lang=\"fr-FR\">Cha\u00eenes musculaires et physiologiques selon la M\u00e9thode Busquet&nbsp; &nbsp;(Belgique&nbsp; 2020-2021)<\/span><\/p>\n<p>Manual Approach to Breastfeeding Problems: Miranda Clayton D.O. (webinar series 2021)<\/p>\n<p>Freins restrictifs buccaux : Caroline Cressens D.O. (webinair 2020)<\/p>\n<p>Approche tissulaire 1: Pierre Tricot (France - 2020)<\/p>\n<p>Le d\u00e9veloppement du syst\u00e8me neuromusculaire, la modulation des r\u00e9flexes archa\u00efques et la maturation neuro-cognitive: Dr Frank&nbsp; Willard (Belgique - 2020)<\/p>\n<p>Approche tissulaire de&nbsp; l'ost\u00e9opathie pour les nourrissons et femmes enceinte: Agn\u00e8s Pierson - (France - 2018)<\/p>\n<p>Introduction \u00e0 l'Ost\u00e9opathie Cr\u00e2nienne (ICC): SEOC - (France- 2018)<\/p>\n<p>Ost\u00e9opathie p\u00e9diatrique niveau 1 et niveau 2: Centre Haptis - Marie Caroline Willi\u00e8me D.O. (Belgique - 2018)<\/p>\n<p>Crochetage Fascio-Myo-Neural Global: Jean Burnotte D.O. - (Belgique-&nbsp; 2016)<\/p>\n<p>&nbsp;<\/p>\n<p><strong>2016<\/strong><\/p>\n<p>Obtention du D.O.* en ost\u00e9opathie au Coll\u00e8gue Belge d'Ost\u00e9opathie (Bruxelles - Belgique) et en collaboration avec l'European School of Osteopathy (Maidstone - Angleterre)<\/p>\n<p>*Le D.O. est un titre prot\u00e9g\u00e9 par un d\u00e9p\u00f4t l\u00e9gal qui t\u00e9moigne du niveau de qualification du praticien.<\/p>\n<p>&nbsp;<\/p>\n<p><strong>2011<\/strong><\/p>\n<p>Obtention du Master en Kin\u00e9sith\u00e9rapie \u00e0 l'Universit\u00e9 Libre de Bruxelles (Belgique)&nbsp;<\/p>\n<p><span style=\"color: #808080;\"><strong>Formation futures<\/strong><\/span><\/p>\n<p>La pratique de l\u2019ost\u00e9opathie m\u2019am\u00e8ne \u00e0 constamment approfondir mes connaissances du corps humain et des outils mis \u00e0 notre disposition dans le but d\u2019am\u00e9liorer, le mieux possible, les capacit\u00e9s adaptatives du patient. Je suis donc r\u00e9guli\u00e8rement des formations dans diff\u00e9rentes approches de l\u2019ost\u00e9opathie.<\/p>\n<p>&nbsp;<\/p>\n<p>&nbsp;<\/p>\n<\/div>\n<\/div><\/div><\/div><\/div><\/div><div id=\"pg-94-1\"  class=\"panel-grid panel-no-style\" ><div id=\"pgc-94-1-0\"  class=\"panel-grid-cell panel-grid-cell-empty\" ><\/div><\/div><\/div>","protected":false},"excerpt":{"rendered":"<p>Prise de rendez-vous en ligne Consultations Lundi 12h30 -18h30 Mardi 15h15 &#8211; 18h30 Mercredi 8h45 &#8211; 18h30 Jeudi 12h30 -16h30 Vendredi 8h45 &#8211; 18h30 &nbsp; Contact Fran\u00e7ais Espagnol Anglais 0478\/30.28.16 vanessa.araujo.mino@gmail.com &nbsp; &nbsp; ost\u00e9opathe au Centre Nestia \u00e0 Auderghem, Bruxelles re\u00e7oit les b\u00e9b\u00e9s, enfants, femmes enceintes et adultes. S\u00e9ances en fran\u00e7ais, anglais et espagnol. &nbsp;<\/p>\n","protected":false},"author":1,"featured_media":0,"parent":0,"menu_order":0,"comment_status":"closed","ping_status":"closed","template":"","meta":{"ngg_post_thumbnail":0,"_vp_format_video_url":"","_vp_image_focal_point":[],"footnotes":""},"class_list":["post-94","page","type-page","status-publish","hentry"],"yoast_head":"<!-- This site is optimized with the Yoast SEO Premium plugin v23.4 (Yoast SEO v27.3) - https:\/\/yoast.com\/product\/yoast-seo-premium-wordpress\/ -->\n<title>Vanessa ARAUJO MI\u00d1O - Ost\u00e9opathe D.O. - Centre Nestia<\/title>\n<meta name=\"description\" content=\"Prise en charge du nourrisson, du b\u00e9b\u00e9, de l&#039;enfant, de la femme enceinte et de l&#039;adulte \u00e0 Auderghem, Bruxelles. Fran\u00e7ais-Anglais-Espagnol.\" \/>\n<meta name=\"robots\" content=\"index, follow, max-snippet:-1, max-image-preview:large, max-video-preview:-1\" \/>\n<link rel=\"canonical\" href=\"https:\/\/nestia.be\/index.php\/vanessa-araujo-osteopathie\/\" \/>\n<meta property=\"og:locale\" content=\"fr_FR\" \/>\n<meta property=\"og:type\" content=\"article\" \/>\n<meta property=\"og:title\" content=\"Vanessa ARAUJO MI\u00d1O - Ost\u00e9opathe D.O.\" \/>\n<meta property=\"og:description\" content=\"Prise en charge du nourrisson, du b\u00e9b\u00e9, de l&#039;enfant, de la femme enceinte et de l&#039;adulte \u00e0 Auderghem, Bruxelles. Fran\u00e7ais-Anglais-Espagnol.\" \/>\n<meta property=\"og:url\" content=\"https:\/\/nestia.be\/index.php\/vanessa-araujo-osteopathie\/\" \/>\n<meta property=\"og:site_name\" content=\"Centre Nestia\" \/>\n<meta property=\"article:modified_time\" content=\"2026-03-04T15:17:28+00:00\" \/>\n<meta property=\"og:image\" content=\"https:\/\/nestia.be\/wp-content\/uploads\/2021\/09\/IMG_4226.jpg\" \/>\n\t<meta property=\"og:image:width\" content=\"2400\" \/>\n\t<meta property=\"og:image:height\" content=\"2400\" \/>\n\t<meta property=\"og:image:type\" content=\"image\/jpeg\" \/>\n<meta name=\"twitter:card\" content=\"summary_large_image\" \/>\n<meta name=\"twitter:label1\" content=\"Dur\u00e9e de lecture estim\u00e9e\" \/>\n\t<meta name=\"twitter:data1\" content=\"5 minutes\" \/>\n<script type=\"application\/ld+json\" class=\"yoast-schema-graph\">{\"@context\":\"https:\\\/\\\/schema.org\",\"@graph\":[{\"@type\":\"WebPage\",\"@id\":\"https:\\\/\\\/nestia.be\\\/index.php\\\/vanessa-araujo-osteopathie\\\/\",\"url\":\"https:\\\/\\\/nestia.be\\\/index.php\\\/vanessa-araujo-osteopathie\\\/\",\"name\":\"Vanessa ARAUJO MI\u00d1O - Ost\u00e9opathe D.O. - Centre Nestia\",\"isPartOf\":{\"@id\":\"https:\\\/\\\/nestia.be\\\/#website\"},\"primaryImageOfPage\":{\"@id\":\"https:\\\/\\\/nestia.be\\\/index.php\\\/vanessa-araujo-osteopathie\\\/#primaryimage\"},\"image\":{\"@id\":\"https:\\\/\\\/nestia.be\\\/index.php\\\/vanessa-araujo-osteopathie\\\/#primaryimage\"},\"thumbnailUrl\":\"http:\\\/\\\/nestia.be\\\/wp-content\\\/uploads\\\/2021\\\/09\\\/IMG_4226-300x300.jpg\",\"datePublished\":\"2018-12-05T15:42:03+00:00\",\"dateModified\":\"2026-03-04T15:17:28+00:00\",\"description\":\"Prise en charge du nourrisson, du b\u00e9b\u00e9, de l'enfant, de la femme enceinte et de l'adulte \u00e0 Auderghem, Bruxelles. Fran\u00e7ais-Anglais-Espagnol.\",\"breadcrumb\":{\"@id\":\"https:\\\/\\\/nestia.be\\\/index.php\\\/vanessa-araujo-osteopathie\\\/#breadcrumb\"},\"inLanguage\":\"fr-FR\",\"potentialAction\":[{\"@type\":\"ReadAction\",\"target\":[\"https:\\\/\\\/nestia.be\\\/index.php\\\/vanessa-araujo-osteopathie\\\/\"]}]},{\"@type\":\"ImageObject\",\"inLanguage\":\"fr-FR\",\"@id\":\"https:\\\/\\\/nestia.be\\\/index.php\\\/vanessa-araujo-osteopathie\\\/#primaryimage\",\"url\":\"https:\\\/\\\/nestia.be\\\/wp-content\\\/uploads\\\/2021\\\/09\\\/IMG_4226.jpg\",\"contentUrl\":\"https:\\\/\\\/nestia.be\\\/wp-content\\\/uploads\\\/2021\\\/09\\\/IMG_4226.jpg\",\"width\":2400,\"height\":2400},{\"@type\":\"BreadcrumbList\",\"@id\":\"https:\\\/\\\/nestia.be\\\/index.php\\\/vanessa-araujo-osteopathie\\\/#breadcrumb\",\"itemListElement\":[{\"@type\":\"ListItem\",\"position\":1,\"name\":\"Accueil\",\"item\":\"https:\\\/\\\/nestia.be\\\/\"},{\"@type\":\"ListItem\",\"position\":2,\"name\":\"Vanessa ARAUJO MI\u00d1O &#8211; Ost\u00e9opathe D.O.\"}]},{\"@type\":\"WebSite\",\"@id\":\"https:\\\/\\\/nestia.be\\\/#website\",\"url\":\"https:\\\/\\\/nestia.be\\\/\",\"name\":\"Centre Nestia\",\"description\":\"Centre pluridisciplinaire P\u00e9diatrique, P\u00e9rinatal et Familial\",\"publisher\":{\"@id\":\"https:\\\/\\\/nestia.be\\\/#organization\"},\"potentialAction\":[{\"@type\":\"SearchAction\",\"target\":{\"@type\":\"EntryPoint\",\"urlTemplate\":\"https:\\\/\\\/nestia.be\\\/?s={search_term_string}\"},\"query-input\":{\"@type\":\"PropertyValueSpecification\",\"valueRequired\":true,\"valueName\":\"search_term_string\"}}],\"inLanguage\":\"fr-FR\"},{\"@type\":\"Organization\",\"@id\":\"https:\\\/\\\/nestia.be\\\/#organization\",\"name\":\"Centre Nestia\",\"url\":\"https:\\\/\\\/nestia.be\\\/\",\"logo\":{\"@type\":\"ImageObject\",\"inLanguage\":\"fr-FR\",\"@id\":\"https:\\\/\\\/nestia.be\\\/#\\\/schema\\\/logo\\\/image\\\/\",\"url\":\"https:\\\/\\\/nestia.be\\\/wp-content\\\/uploads\\\/2020\\\/12\\\/cropped-69706906_116330719731047_3337316616944746496_n.jpg\",\"contentUrl\":\"https:\\\/\\\/nestia.be\\\/wp-content\\\/uploads\\\/2020\\\/12\\\/cropped-69706906_116330719731047_3337316616944746496_n.jpg\",\"width\":594,\"height\":433,\"caption\":\"Centre Nestia\"},\"image\":{\"@id\":\"https:\\\/\\\/nestia.be\\\/#\\\/schema\\\/logo\\\/image\\\/\"}}]}<\/script>\n<!-- \/ Yoast SEO Premium plugin. -->","yoast_head_json":{"title":"Vanessa ARAUJO MI\u00d1O - Ost\u00e9opathe D.O. - Centre Nestia","description":"Prise en charge du nourrisson, du b\u00e9b\u00e9, de l'enfant, de la femme enceinte et de l'adulte \u00e0 Auderghem, Bruxelles. Fran\u00e7ais-Anglais-Espagnol.","robots":{"index":"index","follow":"follow","max-snippet":"max-snippet:-1","max-image-preview":"max-image-preview:large","max-video-preview":"max-video-preview:-1"},"canonical":"https:\/\/nestia.be\/index.php\/vanessa-araujo-osteopathie\/","og_locale":"fr_FR","og_type":"article","og_title":"Vanessa ARAUJO MI\u00d1O - Ost\u00e9opathe D.O.","og_description":"Prise en charge du nourrisson, du b\u00e9b\u00e9, de l'enfant, de la femme enceinte et de l'adulte \u00e0 Auderghem, Bruxelles. Fran\u00e7ais-Anglais-Espagnol.","og_url":"https:\/\/nestia.be\/index.php\/vanessa-araujo-osteopathie\/","og_site_name":"Centre Nestia","article_modified_time":"2026-03-04T15:17:28+00:00","og_image":[{"width":2400,"height":2400,"url":"https:\/\/nestia.be\/wp-content\/uploads\/2021\/09\/IMG_4226.jpg","type":"image\/jpeg"}],"twitter_card":"summary_large_image","twitter_misc":{"Dur\u00e9e de lecture estim\u00e9e":"5 minutes"},"schema":{"@context":"https:\/\/schema.org","@graph":[{"@type":"WebPage","@id":"https:\/\/nestia.be\/index.php\/vanessa-araujo-osteopathie\/","url":"https:\/\/nestia.be\/index.php\/vanessa-araujo-osteopathie\/","name":"Vanessa ARAUJO MI\u00d1O - Ost\u00e9opathe D.O. - Centre Nestia","isPartOf":{"@id":"https:\/\/nestia.be\/#website"},"primaryImageOfPage":{"@id":"https:\/\/nestia.be\/index.php\/vanessa-araujo-osteopathie\/#primaryimage"},"image":{"@id":"https:\/\/nestia.be\/index.php\/vanessa-araujo-osteopathie\/#primaryimage"},"thumbnailUrl":"http:\/\/nestia.be\/wp-content\/uploads\/2021\/09\/IMG_4226-300x300.jpg","datePublished":"2018-12-05T15:42:03+00:00","dateModified":"2026-03-04T15:17:28+00:00","description":"Prise en charge du nourrisson, du b\u00e9b\u00e9, de l'enfant, de la femme enceinte et de l'adulte \u00e0 Auderghem, Bruxelles. Fran\u00e7ais-Anglais-Espagnol.","breadcrumb":{"@id":"https:\/\/nestia.be\/index.php\/vanessa-araujo-osteopathie\/#breadcrumb"},"inLanguage":"fr-FR","potentialAction":[{"@type":"ReadAction","target":["https:\/\/nestia.be\/index.php\/vanessa-araujo-osteopathie\/"]}]},{"@type":"ImageObject","inLanguage":"fr-FR","@id":"https:\/\/nestia.be\/index.php\/vanessa-araujo-osteopathie\/#primaryimage","url":"https:\/\/nestia.be\/wp-content\/uploads\/2021\/09\/IMG_4226.jpg","contentUrl":"https:\/\/nestia.be\/wp-content\/uploads\/2021\/09\/IMG_4226.jpg","width":2400,"height":2400},{"@type":"BreadcrumbList","@id":"https:\/\/nestia.be\/index.php\/vanessa-araujo-osteopathie\/#breadcrumb","itemListElement":[{"@type":"ListItem","position":1,"name":"Accueil","item":"https:\/\/nestia.be\/"},{"@type":"ListItem","position":2,"name":"Vanessa ARAUJO MI\u00d1O &#8211; Ost\u00e9opathe D.O."}]},{"@type":"WebSite","@id":"https:\/\/nestia.be\/#website","url":"https:\/\/nestia.be\/","name":"Centre Nestia","description":"Centre pluridisciplinaire P\u00e9diatrique, P\u00e9rinatal et Familial","publisher":{"@id":"https:\/\/nestia.be\/#organization"},"potentialAction":[{"@type":"SearchAction","target":{"@type":"EntryPoint","urlTemplate":"https:\/\/nestia.be\/?s={search_term_string}"},"query-input":{"@type":"PropertyValueSpecification","valueRequired":true,"valueName":"search_term_string"}}],"inLanguage":"fr-FR"},{"@type":"Organization","@id":"https:\/\/nestia.be\/#organization","name":"Centre Nestia","url":"https:\/\/nestia.be\/","logo":{"@type":"ImageObject","inLanguage":"fr-FR","@id":"https:\/\/nestia.be\/#\/schema\/logo\/image\/","url":"https:\/\/nestia.be\/wp-content\/uploads\/2020\/12\/cropped-69706906_116330719731047_3337316616944746496_n.jpg","contentUrl":"https:\/\/nestia.be\/wp-content\/uploads\/2020\/12\/cropped-69706906_116330719731047_3337316616944746496_n.jpg","width":594,"height":433,"caption":"Centre Nestia"},"image":{"@id":"https:\/\/nestia.be\/#\/schema\/logo\/image\/"}}]}},"_links":{"self":[{"href":"https:\/\/nestia.be\/index.php\/wp-json\/wp\/v2\/pages\/94","targetHints":{"allow":["GET"]}}],"collection":[{"href":"https:\/\/nestia.be\/index.php\/wp-json\/wp\/v2\/pages"}],"about":[{"href":"https:\/\/nestia.be\/index.php\/wp-json\/wp\/v2\/types\/page"}],"author":[{"embeddable":true,"href":"https:\/\/nestia.be\/index.php\/wp-json\/wp\/v2\/users\/1"}],"replies":[{"embeddable":true,"href":"https:\/\/nestia.be\/index.php\/wp-json\/wp\/v2\/comments?post=94"}],"version-history":[{"count":40,"href":"https:\/\/nestia.be\/index.php\/wp-json\/wp\/v2\/pages\/94\/revisions"}],"predecessor-version":[{"id":2759,"href":"https:\/\/nestia.be\/index.php\/wp-json\/wp\/v2\/pages\/94\/revisions\/2759"}],"wp:attachment":[{"href":"https:\/\/nestia.be\/index.php\/wp-json\/wp\/v2\/media?parent=94"}],"curies":[{"name":"wp","href":"https:\/\/api.w.org\/{rel}","templated":true}]}}