{"id":708,"date":"2019-08-20T22:26:46","date_gmt":"2019-08-20T20:26:46","guid":{"rendered":"http:\/\/nestia.be\/?page_id=708"},"modified":"2026-01-21T21:26:37","modified_gmt":"2026-01-21T20:26:37","slug":"logopedie-2","status":"publish","type":"page","link":"https:\/\/nestia.be\/index.php\/logopedie-2\/","title":{"rendered":"Logop\u00e9die"},"content":{"rendered":"\n<p><\/p>\n\n\n<div id=\"pl-gb708-69d96bc78f7ac\"  class=\"panel-layout wp-block-siteorigin-panels-layout-block\" ><div id=\"pg-gb708-69d96bc78f7ac-0\"  class=\"panel-grid panel-no-style\" ><div id=\"pgc-gb708-69d96bc78f7ac-0-0\"  class=\"panel-grid-cell\" ><div id=\"panel-gb708-69d96bc78f7ac-0-0-0\" class=\"so-panel widget widget_sow-editor panel-first-child panel-last-child\" data-index=\"0\" ><div\n\t\t\t\n\t\t\tclass=\"so-widget-sow-editor so-widget-sow-editor-base\"\n\t\t\t\n\t\t>\n<div class=\"siteorigin-widget-tinymce textwidget\">\n\t<p><span style=\"font-weight: 400;\">La logop\u00e9die est une profession param\u00e9dicale qui assure la pr\u00e9vention, l\u2019\u00e9valuation et le traitement de diverses pathologies touchant la communication, le langage et les fonctions cognitives ainsi que celles de la sp\u00e8re O.R.L. <\/span><\/p>\n<p><span style=\"font-weight: 400;\">D\u00e8s lors, le logop\u00e8de intervient chez les enfants, adolescents ou adultes pr\u00e9sentan<\/span><span style=\"font-weight: 400;\">t:&nbsp;<\/span><\/p>\n<ul>\n<li><span style=\"font-weight: 400;\">&#8211; des troubles du langage oral (retard de langage, retard de parole, troubles de l\u2019articulation), <\/span><\/li>\n<li><span style=\"font-weight: 400;\">&#8211; des troubles du langage \u00e9crit (dyslexie, dysorthographie),<\/span><\/li>\n<li><span style=\"font-weight: 400;\">&#8211; des difficult\u00e9s logico-math\u00e9matiques,<\/span><\/li>\n<li><span style=\"font-weight: 400;\">&#8211; des troubles des fonctions cognitives,<\/span><\/li>\n<li><span style=\"font-weight: 400;\">&#8211; des troubles de la d\u00e9glutition, <\/span><\/li>\n<li><span style=\"font-weight: 400;\">&#8211; des troubles des fonctins oro-faciales, <\/span><\/li>\n<li><span style=\"font-weight: 400;\">&#8211; des troubles de l\u2019ou\u00efe et troubles des fonctions auditives <\/span><\/li>\n<li><span style=\"font-weight: 400;\">&#8211; des troubles de la voix et de la phonation. <\/span><\/li>\n<\/ul>\n<p><span style=\"font-weight: 400;\">Les origines de ces difficult\u00e9s sont multiples et vari\u00e9es.&nbsp;<\/span><\/p>\n<p><span style=\"font-weight: 400;\">Dans le cadre d\u2019une consultation, le logop\u00e8de intervient sur prescription m\u00e9dicale (sans cela aucun remboursement mutuel ne sera possible) suite \u00e0 laquelle une \u00e9valuation des forces et faiblesses (bilan) est r\u00e9alis\u00e9e. La prise en charge est entreprise seulement si des difficult\u00e9s ont \u00e9t\u00e9 objectiv\u00e9es lors du bilan afin d\u2019aider au mieux l\u2019enfant dans son d\u00e9veloppement et dans ses apprentissages. De plus, tout au long de la prise en charge, l\u2019\u00e9change et la collaboration entre l\u2019enfant, ses proches et autres th\u00e9rapeutes ou intervenants est primordiale au bon d\u00e9veloppement de celle-ci.&nbsp;<\/span><\/p>\n<p><strong>La logop\u00e8de du centre Nestia :&nbsp;<\/strong><\/p>\n<p><span style=\"color: #1b7575;\"><a style=\"color: #1b7575;\" href=\"https:\/\/nestia.be\/index.php\/andrea-lebeau-logopedie\/\">Andrea Lebeau<\/a> :<\/span> logop\u00e8de p\u00e9diatrique et neuropsychologue. Consultation le mardi et vendredi apr\u00e8s-midi. 0476\/27.53.40<\/p>\n<p><span style=\"color: #1b7575;\"><a style=\"color: #1b7575;\" href=\"https:\/\/nestia.be\/index.php\/laure-fagniez-logopede\/\">Laure Fagniez :<\/a> <\/span>logop\u00e8de p\u00e9diatrique. Consultation le vendredi matin.&nbsp; &nbsp; &nbsp; +33 674\/98.27.35.<\/p>\n<\/div>\n<\/div><\/div><\/div><\/div><\/div>\n\n\n<p><\/p>\n","protected":false},"excerpt":{"rendered":"","protected":false},"author":1,"featured_media":243,"parent":0,"menu_order":0,"comment_status":"closed","ping_status":"closed","template":"","meta":{"ngg_post_thumbnail":0,"_vp_format_video_url":"","_vp_image_focal_point":[],"footnotes":""},"class_list":["post-708","page","type-page","status-publish","has-post-thumbnail","hentry"],"yoast_head":"<!-- This site is optimized with the Yoast SEO Premium plugin v23.4 (Yoast SEO v27.3) - https:\/\/yoast.com\/product\/yoast-seo-premium-wordpress\/ -->\n<title>Logop\u00e9die - Centre Nestia<\/title>\n<meta name=\"robots\" content=\"index, follow, max-snippet:-1, max-image-preview:large, max-video-preview:-1\" \/>\n<link rel=\"canonical\" href=\"https:\/\/nestia.be\/index.php\/logopedie-2\/\" \/>\n<meta property=\"og:locale\" content=\"fr_FR\" \/>\n<meta property=\"og:type\" content=\"article\" \/>\n<meta property=\"og:title\" content=\"Logop\u00e9die\" \/>\n<meta property=\"og:url\" content=\"https:\/\/nestia.be\/index.php\/logopedie-2\/\" \/>\n<meta property=\"og:site_name\" content=\"Centre Nestia\" \/>\n<meta property=\"article:modified_time\" content=\"2026-01-21T20:26:37+00:00\" \/>\n<meta property=\"og:image\" content=\"https:\/\/nestia.be\/wp-content\/uploads\/2018\/12\/istock-468880634.jpg\" \/>\n\t<meta property=\"og:image:width\" content=\"530\" \/>\n\t<meta property=\"og:image:height\" content=\"256\" \/>\n\t<meta property=\"og:image:type\" content=\"image\/jpeg\" \/>\n<meta name=\"twitter:card\" content=\"summary_large_image\" \/>\n<meta name=\"twitter:label1\" content=\"Dur\u00e9e de lecture estim\u00e9e\" \/>\n\t<meta name=\"twitter:data1\" content=\"2 minutes\" \/>\n<script type=\"application\/ld+json\" class=\"yoast-schema-graph\">{\"@context\":\"https:\\\/\\\/schema.org\",\"@graph\":[{\"@type\":\"WebPage\",\"@id\":\"https:\\\/\\\/nestia.be\\\/index.php\\\/logopedie-2\\\/\",\"url\":\"https:\\\/\\\/nestia.be\\\/index.php\\\/logopedie-2\\\/\",\"name\":\"Logop\u00e9die - Centre Nestia\",\"isPartOf\":{\"@id\":\"https:\\\/\\\/nestia.be\\\/#website\"},\"primaryImageOfPage\":{\"@id\":\"https:\\\/\\\/nestia.be\\\/index.php\\\/logopedie-2\\\/#primaryimage\"},\"image\":{\"@id\":\"https:\\\/\\\/nestia.be\\\/index.php\\\/logopedie-2\\\/#primaryimage\"},\"thumbnailUrl\":\"https:\\\/\\\/nestia.be\\\/wp-content\\\/uploads\\\/2018\\\/12\\\/istock-468880634.jpg\",\"datePublished\":\"2019-08-20T20:26:46+00:00\",\"dateModified\":\"2026-01-21T20:26:37+00:00\",\"breadcrumb\":{\"@id\":\"https:\\\/\\\/nestia.be\\\/index.php\\\/logopedie-2\\\/#breadcrumb\"},\"inLanguage\":\"fr-FR\",\"potentialAction\":[{\"@type\":\"ReadAction\",\"target\":[\"https:\\\/\\\/nestia.be\\\/index.php\\\/logopedie-2\\\/\"]}]},{\"@type\":\"ImageObject\",\"inLanguage\":\"fr-FR\",\"@id\":\"https:\\\/\\\/nestia.be\\\/index.php\\\/logopedie-2\\\/#primaryimage\",\"url\":\"https:\\\/\\\/nestia.be\\\/wp-content\\\/uploads\\\/2018\\\/12\\\/istock-468880634.jpg\",\"contentUrl\":\"https:\\\/\\\/nestia.be\\\/wp-content\\\/uploads\\\/2018\\\/12\\\/istock-468880634.jpg\",\"width\":530,\"height\":256},{\"@type\":\"BreadcrumbList\",\"@id\":\"https:\\\/\\\/nestia.be\\\/index.php\\\/logopedie-2\\\/#breadcrumb\",\"itemListElement\":[{\"@type\":\"ListItem\",\"position\":1,\"name\":\"Accueil\",\"item\":\"https:\\\/\\\/nestia.be\\\/\"},{\"@type\":\"ListItem\",\"position\":2,\"name\":\"Logop\u00e9die\"}]},{\"@type\":\"WebSite\",\"@id\":\"https:\\\/\\\/nestia.be\\\/#website\",\"url\":\"https:\\\/\\\/nestia.be\\\/\",\"name\":\"Centre Nestia\",\"description\":\"Centre pluridisciplinaire P\u00e9diatrique, P\u00e9rinatal et Familial\",\"publisher\":{\"@id\":\"https:\\\/\\\/nestia.be\\\/#organization\"},\"potentialAction\":[{\"@type\":\"SearchAction\",\"target\":{\"@type\":\"EntryPoint\",\"urlTemplate\":\"https:\\\/\\\/nestia.be\\\/?s={search_term_string}\"},\"query-input\":{\"@type\":\"PropertyValueSpecification\",\"valueRequired\":true,\"valueName\":\"search_term_string\"}}],\"inLanguage\":\"fr-FR\"},{\"@type\":\"Organization\",\"@id\":\"https:\\\/\\\/nestia.be\\\/#organization\",\"name\":\"Centre Nestia\",\"url\":\"https:\\\/\\\/nestia.be\\\/\",\"logo\":{\"@type\":\"ImageObject\",\"inLanguage\":\"fr-FR\",\"@id\":\"https:\\\/\\\/nestia.be\\\/#\\\/schema\\\/logo\\\/image\\\/\",\"url\":\"https:\\\/\\\/nestia.be\\\/wp-content\\\/uploads\\\/2020\\\/12\\\/cropped-69706906_116330719731047_3337316616944746496_n.jpg\",\"contentUrl\":\"https:\\\/\\\/nestia.be\\\/wp-content\\\/uploads\\\/2020\\\/12\\\/cropped-69706906_116330719731047_3337316616944746496_n.jpg\",\"width\":594,\"height\":433,\"caption\":\"Centre Nestia\"},\"image\":{\"@id\":\"https:\\\/\\\/nestia.be\\\/#\\\/schema\\\/logo\\\/image\\\/\"}}]}<\/script>\n<!-- \/ Yoast SEO Premium plugin. -->","yoast_head_json":{"title":"Logop\u00e9die - Centre Nestia","robots":{"index":"index","follow":"follow","max-snippet":"max-snippet:-1","max-image-preview":"max-image-preview:large","max-video-preview":"max-video-preview:-1"},"canonical":"https:\/\/nestia.be\/index.php\/logopedie-2\/","og_locale":"fr_FR","og_type":"article","og_title":"Logop\u00e9die","og_url":"https:\/\/nestia.be\/index.php\/logopedie-2\/","og_site_name":"Centre Nestia","article_modified_time":"2026-01-21T20:26:37+00:00","og_image":[{"width":530,"height":256,"url":"https:\/\/nestia.be\/wp-content\/uploads\/2018\/12\/istock-468880634.jpg","type":"image\/jpeg"}],"twitter_card":"summary_large_image","twitter_misc":{"Dur\u00e9e de lecture estim\u00e9e":"2 minutes"},"schema":{"@context":"https:\/\/schema.org","@graph":[{"@type":"WebPage","@id":"https:\/\/nestia.be\/index.php\/logopedie-2\/","url":"https:\/\/nestia.be\/index.php\/logopedie-2\/","name":"Logop\u00e9die - Centre Nestia","isPartOf":{"@id":"https:\/\/nestia.be\/#website"},"primaryImageOfPage":{"@id":"https:\/\/nestia.be\/index.php\/logopedie-2\/#primaryimage"},"image":{"@id":"https:\/\/nestia.be\/index.php\/logopedie-2\/#primaryimage"},"thumbnailUrl":"https:\/\/nestia.be\/wp-content\/uploads\/2018\/12\/istock-468880634.jpg","datePublished":"2019-08-20T20:26:46+00:00","dateModified":"2026-01-21T20:26:37+00:00","breadcrumb":{"@id":"https:\/\/nestia.be\/index.php\/logopedie-2\/#breadcrumb"},"inLanguage":"fr-FR","potentialAction":[{"@type":"ReadAction","target":["https:\/\/nestia.be\/index.php\/logopedie-2\/"]}]},{"@type":"ImageObject","inLanguage":"fr-FR","@id":"https:\/\/nestia.be\/index.php\/logopedie-2\/#primaryimage","url":"https:\/\/nestia.be\/wp-content\/uploads\/2018\/12\/istock-468880634.jpg","contentUrl":"https:\/\/nestia.be\/wp-content\/uploads\/2018\/12\/istock-468880634.jpg","width":530,"height":256},{"@type":"BreadcrumbList","@id":"https:\/\/nestia.be\/index.php\/logopedie-2\/#breadcrumb","itemListElement":[{"@type":"ListItem","position":1,"name":"Accueil","item":"https:\/\/nestia.be\/"},{"@type":"ListItem","position":2,"name":"Logop\u00e9die"}]},{"@type":"WebSite","@id":"https:\/\/nestia.be\/#website","url":"https:\/\/nestia.be\/","name":"Centre Nestia","description":"Centre pluridisciplinaire P\u00e9diatrique, P\u00e9rinatal et Familial","publisher":{"@id":"https:\/\/nestia.be\/#organization"},"potentialAction":[{"@type":"SearchAction","target":{"@type":"EntryPoint","urlTemplate":"https:\/\/nestia.be\/?s={search_term_string}"},"query-input":{"@type":"PropertyValueSpecification","valueRequired":true,"valueName":"search_term_string"}}],"inLanguage":"fr-FR"},{"@type":"Organization","@id":"https:\/\/nestia.be\/#organization","name":"Centre Nestia","url":"https:\/\/nestia.be\/","logo":{"@type":"ImageObject","inLanguage":"fr-FR","@id":"https:\/\/nestia.be\/#\/schema\/logo\/image\/","url":"https:\/\/nestia.be\/wp-content\/uploads\/2020\/12\/cropped-69706906_116330719731047_3337316616944746496_n.jpg","contentUrl":"https:\/\/nestia.be\/wp-content\/uploads\/2020\/12\/cropped-69706906_116330719731047_3337316616944746496_n.jpg","width":594,"height":433,"caption":"Centre Nestia"},"image":{"@id":"https:\/\/nestia.be\/#\/schema\/logo\/image\/"}}]}},"_links":{"self":[{"href":"https:\/\/nestia.be\/index.php\/wp-json\/wp\/v2\/pages\/708","targetHints":{"allow":["GET"]}}],"collection":[{"href":"https:\/\/nestia.be\/index.php\/wp-json\/wp\/v2\/pages"}],"about":[{"href":"https:\/\/nestia.be\/index.php\/wp-json\/wp\/v2\/types\/page"}],"author":[{"embeddable":true,"href":"https:\/\/nestia.be\/index.php\/wp-json\/wp\/v2\/users\/1"}],"replies":[{"embeddable":true,"href":"https:\/\/nestia.be\/index.php\/wp-json\/wp\/v2\/comments?post=708"}],"version-history":[{"count":11,"href":"https:\/\/nestia.be\/index.php\/wp-json\/wp\/v2\/pages\/708\/revisions"}],"predecessor-version":[{"id":2733,"href":"https:\/\/nestia.be\/index.php\/wp-json\/wp\/v2\/pages\/708\/revisions\/2733"}],"wp:featuredmedia":[{"embeddable":true,"href":"https:\/\/nestia.be\/index.php\/wp-json\/wp\/v2\/media\/243"}],"wp:attachment":[{"href":"https:\/\/nestia.be\/index.php\/wp-json\/wp\/v2\/media?parent=708"}],"curies":[{"name":"wp","href":"https:\/\/api.w.org\/{rel}","templated":true}]}}