{"id":526,"date":"2019-05-06T22:19:46","date_gmt":"2019-05-06T20:19:46","guid":{"rendered":"http:\/\/nestia.be\/?page_id=526"},"modified":"2023-05-31T11:12:58","modified_gmt":"2023-05-31T09:12:58","slug":"fiorella-llanos-psychologue","status":"publish","type":"page","link":"https:\/\/nestia.be\/index.php\/fiorella-llanos-psychologue\/","title":{"rendered":"Fiorella Llanos &#8211; Psychologue clinicienne"},"content":{"rendered":"<div id=\"pl-526\"  class=\"panel-layout\" ><div id=\"pg-526-0\"  class=\"panel-grid panel-no-style\" ><div id=\"pgc-526-0-0\"  class=\"panel-grid-cell\" ><div id=\"panel-526-0-0-0\" class=\"so-panel widget widget_sow-editor panel-first-child panel-last-child\" data-index=\"0\" ><div\n\t\t\t\n\t\t\tclass=\"so-widget-sow-editor so-widget-sow-editor-base\"\n\t\t\t\n\t\t>\n<div class=\"siteorigin-widget-tinymce textwidget\">\n\t<p>&nbsp;<\/p>\n<p><img loading=\"lazy\" decoding=\"async\" class=\"aligncenter size-medium wp-image-1725\" src=\"https:\/\/nestia.be\/wp-content\/uploads\/2022\/10\/IMG_6315-300x288.jpg\" alt=\"\" width=\"300\" height=\"288\" srcset=\"https:\/\/nestia.be\/wp-content\/uploads\/2022\/10\/IMG_6315-300x288.jpg 300w, https:\/\/nestia.be\/wp-content\/uploads\/2022\/10\/IMG_6315-1024x982.jpg 1024w, https:\/\/nestia.be\/wp-content\/uploads\/2022\/10\/IMG_6315-768x737.jpg 768w, https:\/\/nestia.be\/wp-content\/uploads\/2022\/10\/IMG_6315-500x480.jpg 500w, https:\/\/nestia.be\/wp-content\/uploads\/2022\/10\/IMG_6315-800x767.jpg 800w, https:\/\/nestia.be\/wp-content\/uploads\/2022\/10\/IMG_6315-612x587.jpg 612w, https:\/\/nestia.be\/wp-content\/uploads\/2022\/10\/IMG_6315-936x898.jpg 936w, https:\/\/nestia.be\/wp-content\/uploads\/2022\/10\/IMG_6315-720x690.jpg 720w, https:\/\/nestia.be\/wp-content\/uploads\/2022\/10\/IMG_6315.jpg 1122w\" sizes=\"auto, (max-width: 300px) 100vw, 300px\" \/><\/p>\n<p style=\"text-align: center;\"><span style=\"color: #1b7575;\"><b>Consultations<\/b><\/span><\/p>\n<p style=\"text-align: center;\"><span style=\"font-weight: 400; color: #1b7575;\">Jeudi 14h00-18h00<\/span><\/p>\n<p style=\"text-align: center;\"><span style=\"font-weight: 400; color: #1b7575;\">Vendredi 14h00-18h00<\/span><\/p>\n<p style=\"text-align: center;\">&nbsp;<\/p>\n<p style=\"text-align: center;\"><span style=\"color: #1b7575;\">Langue de consultation:<\/span><\/p>\n<p style=\"text-align: center;\"><span style=\"color: #1b7575;\">Fran\u00e7ais<\/span><\/p>\n<p style=\"text-align: center;\"><span style=\"color: #1b7575;\">Anglais<\/span><\/p>\n<p style=\"text-align: center;\"><span style=\"color: #1b7575;\">Espagnol<\/span><\/p>\n<p style=\"text-align: center;\"><span style=\"color: #1b7575;\"><strong>Contact<\/strong><\/span><\/p>\n<p style=\"text-align: center;\"><span style=\"color: #1b7575;\">0478 203 370<\/span><\/p>\n<p style=\"text-align: center;\">&nbsp;<\/p>\n<h3 class=\"iw\">&nbsp;<\/h3>\n<p style=\"text-align: center;\">&nbsp;<\/p>\n<p>&nbsp;<\/p>\n<p style=\"text-align: left;\">&nbsp;<\/p>\n<\/div>\n<\/div><\/div><\/div><div id=\"pgc-526-0-1\"  class=\"panel-grid-cell\" ><div id=\"panel-526-0-1-0\" class=\"so-panel widget widget_sow-editor panel-first-child panel-last-child\" data-index=\"1\" ><div\n\t\t\t\n\t\t\tclass=\"so-widget-sow-editor so-widget-sow-editor-base\"\n\t\t\t\n\t\t>\n<div class=\"siteorigin-widget-tinymce textwidget\">\n\t<h5>Accompagnement psychologique des enfants et adolescents<\/h5>\n<h5>Accompagnement psychologique des adultes<\/h5>\n<p>&nbsp;<\/p>\n<p>Je m\u2019appelle Fiorella Llanos et je poss\u00e8de un Master en Psychologie clinique. Ma formation acad\u00e9mique a commenc\u00e9 dans un premier temps au P\u00e9rou (Pontificia Universidad Cat\u00f3lica del Per\u00fa) et elle s\u2019est poursuivie en Belgique (Universit\u00e9 Libre de Bruxelles). Ma proposition d\u2019accompagnement s\u2019appuie sur la th\u00e9orie du courant analytique, elle fait appel \u00e0 des outils syst\u00e9miques et se base sur des techniques d\u2019entretien.<\/p>\n<p><strong>\u00c0 qui s\u2019adresse mon accompagnement ?<\/strong><br \/>\nAux enfants. Gr\u00e2ce \u00e0 ma formation, j\u2019ai de l\u2019exp\u00e9rience dans l\u2019\u00e9valuation<br \/>\ncognitivo- \u00e9motionnelle des enfants. Je propose aussi d\u2019accompagner<br \/>\nparents et enfants dans le processus de d\u00e9veloppement. L\u2019objectif est de<br \/>\nmettre en valeur les capacit\u00e9s singuli\u00e8res de chaque enfant et de leur offrir de nouveaux outils pour affronter les d\u00e9fis de la vie quotidienne.<\/p>\n<p>Aux adolescents, qui traversent, entre autres, des difficult\u00e9s \u00e9motionnelles,<br \/>\nrelationnelles et sociales. J\u2019ai l\u2019exp\u00e9rience dans la prise en charge des<br \/>\nprobl\u00e9matiques qui sont propres au processus de maturation de cette p\u00e9riode de la vie et qui, souvent, ont \u00e9galement un impact sur l\u2019entourage des adolescents.<\/p>\n<p>Aux femmes, qui, pour des multiples raisons, cherchent \u00e0 sortir de situations<br \/>\nprobl\u00e9matiques et souhaitent se reconstruire afin de retrouver l\u2019\u00e9panouissement.<\/p>\n<p>Ensemble, nous pouvons red\u00e9finir vos attentes et donc reprendre la main sur votre futur.<\/p>\n<p><strong>Pourquoi&nbsp;faire appel \u00e0 une psychologue?<\/strong><br \/>\nIl n\u2019y a pas de moment id\u00e9al pour faire appel \u00e0 un(e) psychologue&nbsp;: quand le<br \/>\nbesoin se fait sentir, c\u2019est le bon moment.<br \/>\nJe propose de vous recevoir et de vous accompagner dans un espace privil\u00e9gi\u00e9 pour identifier, comprendre et surmonter certaines situations \u00e0 l\u2019origine de votre mal-\u00eatre et\/ou de votre souffrance. Vos paroles et vos \u00e9motions seront accueillies avec respect et bienveillance. Nous travaillerons ensemble pour mettre en place des strat\u00e9gies de rem\u00e9diation et je vous proposerai des outils pour surmonter certaines p\u00e9riodes de vie qui sont moins \u00e9videntes.<\/p>\n<p>Ma propre exp\u00e9rience en tant qu\u2019immigr\u00e9e en processus permanent d\u2019int\u00e9gration est un atout dans ma pratique en tant que psychologue clinicienne, d\u00e9sireuse de vous aider \u00e0 vous approprier les opportunit\u00e9s et les d\u00e9fis que vous entourent.<\/p>\n<p>Au Centre NESTIA je propose des entretiens individuels dans un cadre rassurant et confidentiel o\u00f9 vous pourrez vous sentir en confiance pour exprimer vos questions, votre ressenti et vos \u00e9motions li\u00e9es \u00e0 des situations qui vous sont uniques et cela, en toute bienveillance et sans \u00eatre jug\u00e9(e).<\/p>\n<p>N\u2019h\u00e9sitez pas \u00e0 me rencontrer pour en parler! Je vous re\u00e7ois sur consultation<br \/>\napr\u00e8s un premier contact t\u00e9l\u00e9phonique.<\/p>\n<\/div>\n<\/div><\/div><\/div><\/div><\/div>","protected":false},"excerpt":{"rendered":"<p>&nbsp; Consultations Jeudi 14h00-18h00 Vendredi 14h00-18h00 &nbsp; Langue de consultation: Fran\u00e7ais Anglais Espagnol Contact 0478 203 370 &nbsp; &nbsp; &nbsp; &nbsp; &nbsp; Accompagnement psychologique des enfants et adolescents Accompagnement psychologique des adultes &nbsp; Je m\u2019appelle Fiorella Llanos et je poss\u00e8de un Master en Psychologie clinique. Ma formation acad\u00e9mique a commenc\u00e9 dans un premier temps au&#8230; <a href=\"https:\/\/nestia.be\/index.php\/fiorella-llanos-psychologue\/\">Continue reading <span class=\"screen-reader-text\">&#8220;Fiorella Llanos &#8211; Psychologue clinicienne&#8221;<\/span><\/a><\/p>\n","protected":false},"author":1,"featured_media":0,"parent":0,"menu_order":0,"comment_status":"closed","ping_status":"closed","template":"","meta":{"ngg_post_thumbnail":0,"_vp_format_video_url":"","_vp_image_focal_point":[],"footnotes":""},"class_list":["post-526","page","type-page","status-publish","hentry"],"yoast_head":"<!-- This site is optimized with the Yoast SEO Premium plugin v23.4 (Yoast SEO v27.4) - https:\/\/yoast.com\/product\/yoast-seo-premium-wordpress\/ -->\n<title>Fiorella Llanos - Psychologue clinicienne - Centre Nestia<\/title>\n<meta name=\"description\" content=\"Fiorella vous re\u00e7oit au centre Nestia \u00e0 Auderghem, Bruxelles pour des consultations de psychologies pour enfants, adolescents et adutltes.\" \/>\n<meta name=\"robots\" content=\"index, follow, max-snippet:-1, max-image-preview:large, max-video-preview:-1\" \/>\n<link rel=\"canonical\" href=\"https:\/\/nestia.be\/index.php\/fiorella-llanos-psychologue\/\" \/>\n<meta property=\"og:locale\" content=\"fr_FR\" \/>\n<meta property=\"og:type\" content=\"article\" \/>\n<meta property=\"og:title\" content=\"Fiorella Llanos - Psychologue clinicienne\" \/>\n<meta property=\"og:description\" content=\"Fiorella vous re\u00e7oit au centre Nestia \u00e0 Auderghem, Bruxelles pour des consultations de psychologies pour enfants, adolescents et adutltes.\" \/>\n<meta property=\"og:url\" content=\"https:\/\/nestia.be\/index.php\/fiorella-llanos-psychologue\/\" \/>\n<meta property=\"og:site_name\" content=\"Centre Nestia\" \/>\n<meta property=\"article:modified_time\" content=\"2023-05-31T09:12:58+00:00\" \/>\n<meta property=\"og:image\" content=\"https:\/\/nestia.be\/wp-content\/uploads\/2022\/10\/IMG_6315-300x288.jpg\" \/>\n<meta name=\"twitter:card\" content=\"summary_large_image\" \/>\n<meta name=\"twitter:label1\" content=\"Dur\u00e9e de lecture estim\u00e9e\" \/>\n\t<meta name=\"twitter:data1\" content=\"3 minutes\" \/>\n<script type=\"application\/ld+json\" class=\"yoast-schema-graph\">{\"@context\":\"https:\\\/\\\/schema.org\",\"@graph\":[{\"@type\":\"WebPage\",\"@id\":\"https:\\\/\\\/nestia.be\\\/index.php\\\/fiorella-llanos-psychologue\\\/\",\"url\":\"https:\\\/\\\/nestia.be\\\/index.php\\\/fiorella-llanos-psychologue\\\/\",\"name\":\"Fiorella Llanos - Psychologue clinicienne - Centre Nestia\",\"isPartOf\":{\"@id\":\"https:\\\/\\\/nestia.be\\\/#website\"},\"primaryImageOfPage\":{\"@id\":\"https:\\\/\\\/nestia.be\\\/index.php\\\/fiorella-llanos-psychologue\\\/#primaryimage\"},\"image\":{\"@id\":\"https:\\\/\\\/nestia.be\\\/index.php\\\/fiorella-llanos-psychologue\\\/#primaryimage\"},\"thumbnailUrl\":\"https:\\\/\\\/nestia.be\\\/wp-content\\\/uploads\\\/2022\\\/10\\\/IMG_6315-300x288.jpg\",\"datePublished\":\"2019-05-06T20:19:46+00:00\",\"dateModified\":\"2023-05-31T09:12:58+00:00\",\"description\":\"Fiorella vous re\u00e7oit au centre Nestia \u00e0 Auderghem, Bruxelles pour des consultations de psychologies pour enfants, adolescents et adutltes.\",\"breadcrumb\":{\"@id\":\"https:\\\/\\\/nestia.be\\\/index.php\\\/fiorella-llanos-psychologue\\\/#breadcrumb\"},\"inLanguage\":\"fr-FR\",\"potentialAction\":[{\"@type\":\"ReadAction\",\"target\":[\"https:\\\/\\\/nestia.be\\\/index.php\\\/fiorella-llanos-psychologue\\\/\"]}]},{\"@type\":\"ImageObject\",\"inLanguage\":\"fr-FR\",\"@id\":\"https:\\\/\\\/nestia.be\\\/index.php\\\/fiorella-llanos-psychologue\\\/#primaryimage\",\"url\":\"https:\\\/\\\/nestia.be\\\/wp-content\\\/uploads\\\/2022\\\/10\\\/IMG_6315.jpg\",\"contentUrl\":\"https:\\\/\\\/nestia.be\\\/wp-content\\\/uploads\\\/2022\\\/10\\\/IMG_6315.jpg\",\"width\":1122,\"height\":1076},{\"@type\":\"BreadcrumbList\",\"@id\":\"https:\\\/\\\/nestia.be\\\/index.php\\\/fiorella-llanos-psychologue\\\/#breadcrumb\",\"itemListElement\":[{\"@type\":\"ListItem\",\"position\":1,\"name\":\"Accueil\",\"item\":\"https:\\\/\\\/nestia.be\\\/\"},{\"@type\":\"ListItem\",\"position\":2,\"name\":\"Fiorella Llanos &#8211; Psychologue clinicienne\"}]},{\"@type\":\"WebSite\",\"@id\":\"https:\\\/\\\/nestia.be\\\/#website\",\"url\":\"https:\\\/\\\/nestia.be\\\/\",\"name\":\"Centre Nestia\",\"description\":\"Centre pluridisciplinaire P\u00e9diatrique, P\u00e9rinatal et Familial\",\"publisher\":{\"@id\":\"https:\\\/\\\/nestia.be\\\/#organization\"},\"potentialAction\":[{\"@type\":\"SearchAction\",\"target\":{\"@type\":\"EntryPoint\",\"urlTemplate\":\"https:\\\/\\\/nestia.be\\\/?s={search_term_string}\"},\"query-input\":{\"@type\":\"PropertyValueSpecification\",\"valueRequired\":true,\"valueName\":\"search_term_string\"}}],\"inLanguage\":\"fr-FR\"},{\"@type\":\"Organization\",\"@id\":\"https:\\\/\\\/nestia.be\\\/#organization\",\"name\":\"Centre Nestia\",\"url\":\"https:\\\/\\\/nestia.be\\\/\",\"logo\":{\"@type\":\"ImageObject\",\"inLanguage\":\"fr-FR\",\"@id\":\"https:\\\/\\\/nestia.be\\\/#\\\/schema\\\/logo\\\/image\\\/\",\"url\":\"https:\\\/\\\/nestia.be\\\/wp-content\\\/uploads\\\/2020\\\/12\\\/cropped-69706906_116330719731047_3337316616944746496_n.jpg\",\"contentUrl\":\"https:\\\/\\\/nestia.be\\\/wp-content\\\/uploads\\\/2020\\\/12\\\/cropped-69706906_116330719731047_3337316616944746496_n.jpg\",\"width\":594,\"height\":433,\"caption\":\"Centre Nestia\"},\"image\":{\"@id\":\"https:\\\/\\\/nestia.be\\\/#\\\/schema\\\/logo\\\/image\\\/\"}}]}<\/script>\n<!-- \/ Yoast SEO Premium plugin. -->","yoast_head_json":{"title":"Fiorella Llanos - Psychologue clinicienne - Centre Nestia","description":"Fiorella vous re\u00e7oit au centre Nestia \u00e0 Auderghem, Bruxelles pour des consultations de psychologies pour enfants, adolescents et adutltes.","robots":{"index":"index","follow":"follow","max-snippet":"max-snippet:-1","max-image-preview":"max-image-preview:large","max-video-preview":"max-video-preview:-1"},"canonical":"https:\/\/nestia.be\/index.php\/fiorella-llanos-psychologue\/","og_locale":"fr_FR","og_type":"article","og_title":"Fiorella Llanos - Psychologue clinicienne","og_description":"Fiorella vous re\u00e7oit au centre Nestia \u00e0 Auderghem, Bruxelles pour des consultations de psychologies pour enfants, adolescents et adutltes.","og_url":"https:\/\/nestia.be\/index.php\/fiorella-llanos-psychologue\/","og_site_name":"Centre Nestia","article_modified_time":"2023-05-31T09:12:58+00:00","og_image":[{"url":"https:\/\/nestia.be\/wp-content\/uploads\/2022\/10\/IMG_6315-300x288.jpg","type":"","width":"","height":""}],"twitter_card":"summary_large_image","twitter_misc":{"Dur\u00e9e de lecture estim\u00e9e":"3 minutes"},"schema":{"@context":"https:\/\/schema.org","@graph":[{"@type":"WebPage","@id":"https:\/\/nestia.be\/index.php\/fiorella-llanos-psychologue\/","url":"https:\/\/nestia.be\/index.php\/fiorella-llanos-psychologue\/","name":"Fiorella Llanos - Psychologue clinicienne - Centre Nestia","isPartOf":{"@id":"https:\/\/nestia.be\/#website"},"primaryImageOfPage":{"@id":"https:\/\/nestia.be\/index.php\/fiorella-llanos-psychologue\/#primaryimage"},"image":{"@id":"https:\/\/nestia.be\/index.php\/fiorella-llanos-psychologue\/#primaryimage"},"thumbnailUrl":"https:\/\/nestia.be\/wp-content\/uploads\/2022\/10\/IMG_6315-300x288.jpg","datePublished":"2019-05-06T20:19:46+00:00","dateModified":"2023-05-31T09:12:58+00:00","description":"Fiorella vous re\u00e7oit au centre Nestia \u00e0 Auderghem, Bruxelles pour des consultations de psychologies pour enfants, adolescents et adutltes.","breadcrumb":{"@id":"https:\/\/nestia.be\/index.php\/fiorella-llanos-psychologue\/#breadcrumb"},"inLanguage":"fr-FR","potentialAction":[{"@type":"ReadAction","target":["https:\/\/nestia.be\/index.php\/fiorella-llanos-psychologue\/"]}]},{"@type":"ImageObject","inLanguage":"fr-FR","@id":"https:\/\/nestia.be\/index.php\/fiorella-llanos-psychologue\/#primaryimage","url":"https:\/\/nestia.be\/wp-content\/uploads\/2022\/10\/IMG_6315.jpg","contentUrl":"https:\/\/nestia.be\/wp-content\/uploads\/2022\/10\/IMG_6315.jpg","width":1122,"height":1076},{"@type":"BreadcrumbList","@id":"https:\/\/nestia.be\/index.php\/fiorella-llanos-psychologue\/#breadcrumb","itemListElement":[{"@type":"ListItem","position":1,"name":"Accueil","item":"https:\/\/nestia.be\/"},{"@type":"ListItem","position":2,"name":"Fiorella Llanos &#8211; Psychologue clinicienne"}]},{"@type":"WebSite","@id":"https:\/\/nestia.be\/#website","url":"https:\/\/nestia.be\/","name":"Centre Nestia","description":"Centre pluridisciplinaire P\u00e9diatrique, P\u00e9rinatal et Familial","publisher":{"@id":"https:\/\/nestia.be\/#organization"},"potentialAction":[{"@type":"SearchAction","target":{"@type":"EntryPoint","urlTemplate":"https:\/\/nestia.be\/?s={search_term_string}"},"query-input":{"@type":"PropertyValueSpecification","valueRequired":true,"valueName":"search_term_string"}}],"inLanguage":"fr-FR"},{"@type":"Organization","@id":"https:\/\/nestia.be\/#organization","name":"Centre Nestia","url":"https:\/\/nestia.be\/","logo":{"@type":"ImageObject","inLanguage":"fr-FR","@id":"https:\/\/nestia.be\/#\/schema\/logo\/image\/","url":"https:\/\/nestia.be\/wp-content\/uploads\/2020\/12\/cropped-69706906_116330719731047_3337316616944746496_n.jpg","contentUrl":"https:\/\/nestia.be\/wp-content\/uploads\/2020\/12\/cropped-69706906_116330719731047_3337316616944746496_n.jpg","width":594,"height":433,"caption":"Centre Nestia"},"image":{"@id":"https:\/\/nestia.be\/#\/schema\/logo\/image\/"}}]}},"_links":{"self":[{"href":"https:\/\/nestia.be\/index.php\/wp-json\/wp\/v2\/pages\/526","targetHints":{"allow":["GET"]}}],"collection":[{"href":"https:\/\/nestia.be\/index.php\/wp-json\/wp\/v2\/pages"}],"about":[{"href":"https:\/\/nestia.be\/index.php\/wp-json\/wp\/v2\/types\/page"}],"author":[{"embeddable":true,"href":"https:\/\/nestia.be\/index.php\/wp-json\/wp\/v2\/users\/1"}],"replies":[{"embeddable":true,"href":"https:\/\/nestia.be\/index.php\/wp-json\/wp\/v2\/comments?post=526"}],"version-history":[{"count":16,"href":"https:\/\/nestia.be\/index.php\/wp-json\/wp\/v2\/pages\/526\/revisions"}],"predecessor-version":[{"id":1950,"href":"https:\/\/nestia.be\/index.php\/wp-json\/wp\/v2\/pages\/526\/revisions\/1950"}],"wp:attachment":[{"href":"https:\/\/nestia.be\/index.php\/wp-json\/wp\/v2\/media?parent=526"}],"curies":[{"name":"wp","href":"https:\/\/api.w.org\/{rel}","templated":true}]}}