{"id":323,"date":"2019-02-03T22:03:06","date_gmt":"2019-02-03T21:03:06","guid":{"rendered":"http:\/\/nestia.be\/?page_id=323"},"modified":"2025-06-11T16:34:05","modified_gmt":"2025-06-11T14:34:05","slug":"coralie-vandeplassche","status":"publish","type":"page","link":"https:\/\/nestia.be\/index.php\/coralie-vandeplassche\/","title":{"rendered":"Coralie Vandeplassche &#8211; Massage b\u00e9b\u00e9 &#8211; Portage physiologique"},"content":{"rendered":"<div id=\"pl-323\"  class=\"panel-layout\" ><div id=\"pg-323-0\"  class=\"panel-grid panel-no-style\" ><div id=\"pgc-323-0-0\"  class=\"panel-grid-cell\" ><div id=\"panel-323-0-0-0\" class=\"so-panel widget widget_sow-editor panel-first-child panel-last-child\" data-index=\"0\" ><div\n\t\t\t\n\t\t\tclass=\"so-widget-sow-editor so-widget-sow-editor-base\"\n\t\t\t\n\t\t>\n<div class=\"siteorigin-widget-tinymce textwidget\">\n\t<p><img loading=\"lazy\" decoding=\"async\" class=\"alignnone wp-image-327\" src=\"http:\/\/nestia.be\/wp-content\/uploads\/2019\/02\/IMG_2567-1.jpg\" alt=\"\" width=\"158\" height=\"254\" srcset=\"https:\/\/nestia.be\/wp-content\/uploads\/2019\/02\/IMG_2567-1.jpg 225w, https:\/\/nestia.be\/wp-content\/uploads\/2019\/02\/IMG_2567-1-186x300.jpg 186w\" sizes=\"auto, (max-width: 158px) 100vw, 158px\" \/><\/p>\n<p><span style=\"color: #157d7d;\"><b>Consultations<\/b><\/span><\/p>\n<p><span style=\"color: #1b7575;\">Samedi 08h-13h<\/span><\/p>\n<p>&nbsp;<\/p>\n<p><span style=\"color: #1b7575;\">Langue de consultation:<\/span><\/p>\n<p><span style=\"color: #1b7575;\">Fran\u00e7ais<\/span><\/p>\n<p>&nbsp;<\/p>\n<p><span style=\"color: #157d7d;\"><strong>Contact<\/strong><\/span><\/p>\n<p><span style=\"color: #157d7d;\">0478\/28 10 26<\/span><\/p>\n<p><span style=\"color: #157d7d;\"><a style=\"color: #157d7d;\" href=\"mailto:coralie.vdp@hotmail.com\">coralie.vdp@hotmail.com<\/a><\/span><\/p>\n<p><span style=\"color: #157d7d;\"><a style=\"color: #157d7d;\" href=\"https:\/\/www.facebook.com\/Coralie-instructrice-en-massage-b%C3%A9b%C3%A9-2343921842301505\/?__tn__=%2Cdk%2CP-R&amp;eid=ARD_WTEKSOfJNxmZVAFNvRtNmHfVuCXdsDjL9Pdi3U5tX8B2hu4gN0RCaGmNT6hqJB2e29UpoUUO_OIi\">Page Facebook<\/a>&nbsp;<\/span><\/p>\n<p>&nbsp;<\/p>\n<\/div>\n<\/div><\/div><\/div><div id=\"pgc-323-0-1\"  class=\"panel-grid-cell\" ><div id=\"panel-323-0-1-0\" class=\"so-panel widget widget_sow-editor panel-first-child panel-last-child\" data-index=\"1\" ><div\n\t\t\t\n\t\t\tclass=\"so-widget-sow-editor so-widget-sow-editor-base\"\n\t\t\t\n\t\t>\n<div class=\"siteorigin-widget-tinymce textwidget\">\n\t<h4><strong>Promouvoir la relation parent-enfant par le toucher...<\/strong><\/h4>\n<p>\"Etre touch\u00e9, mass\u00e9, caress\u00e9 est nourriture pour le nouveau-n\u00e9 est une nourriture aussi n\u00e9cessaire que les vitamines, les prot\u00e9ines et les oligo-\u00e9l\u00e9ments. \" Dr F. Leboyer<\/p>\n<p><span style=\"font-size: medium;\"><b>Le massage b\u00e9b\u00e9<\/b><\/span><\/p>\n<p>Apprenez \u00e0 masser votre b\u00e9b\u00e9.<\/p>\n<p>Le massage apporte \u00e9norm\u00e9ment de bienfaits au b\u00e9b\u00e9 ainsi qu\u2019au parent qui le masse&nbsp;:<\/p>\n<p>Interaction parent\/b\u00e9b\u00e9, renforcement du lien d\u2019attachement, soulagement des petits maux (tensions nerveuses, coliques, constipation\u2026), relaxation, et bien d\u2019autres.<\/p>\n<p><span style=\"font-size: medium;\"><b>Mon parcours<\/b><\/span><\/p>\n<p>Institutrice maternelle de formation, je me suis assez vite dirig\u00e9e vers ma premi\u00e8re passion, les b\u00e9b\u00e9s. J\u2019ai travaill\u00e9 en cr\u00e8che et comme garde d\u2019enfants (b\u00e9b\u00e9s) malades pendant de nombreuses ann\u00e9es.<\/p>\n<p>Mon int\u00e9r\u00eat grandissant pour le p\u00e9rinatal et le lien parent\/enfant, je me suis form\u00e9e comme instructrice en massage b\u00e9b\u00e9 \u00e0 l\u2019IAIM (International Association of Infant Massage) et je me suis certifi\u00e9e \u00e0 l\u2019ABMBB (Association Belge de Massage B\u00e9b\u00e9).<\/p>\n<p><a name=\"_GoBack\"><\/a><span style=\"font-size: medium;\"><b>Au centre Nestia <\/b><\/span><\/p>\n<p>Je vous re\u00e7ois en toute simplicit\u00e9 et convivialit\u00e9 le lundi matin et samedi matin sur rendez-vous pour des s\u00e9ances individuelles ou en petit groupe. Possibilit\u00e9s de rendez-vous les autres jours en dehors du centre Nestia.<\/p>\n<p>A chaque s\u00e9ance, je vous apprends \u00e0 masser une autre partie du corps.<\/p>\n<p><strong>S\u00e9ance de 45 min environ:&nbsp;<\/strong><\/p>\n<p>35 \u20ac en individuel (parent seul ou en couple)&nbsp;<\/p>\n<p>120\u20ac pour 4 s\u00e9ances (programme complet)<\/p>\n<p>25\u20ac pour s\u00e9ance en petit groupe<\/p>\n<p>Au plaisir de vous rencontrer et vous faire partager un moment privil\u00e9gi\u00e9 avec votre b\u00e9b\u00e9<\/p>\n<p><b>Possibilit\u00e9 de ch\u00e8que cadeau :<\/b> offrir une s\u00e9ance de massage b\u00e9b\u00e9, c'est offrir un joli moment en famille!<\/p>\n<p><strong>Atelier Portage Physiologique<\/strong><\/p>\n<p>Toujours dans un esprit de simplicit\u00e9, convivialit\u00e9 et respect du b\u00e9b\u00e9, je vous guide dans l\u2019univers du portage physiologique.<\/p>\n<p>Les bienfaits du portage physiologique sont nombreux:<\/p>\n<p>Pour le b\u00e9b\u00e9: Rappel des sensations rassurantes connues pendant la grossesse, renforcement du lien d\u2019attachement, r\u00e9gulation de la temp\u00e9rature, aide \u00e0 la digestion, sentiment de s\u00e9curit\u00e9, stimulation de la tonicit\u00e9 musculaire et du syst\u00e8me vestibulaire, stimulation du syst\u00e8me sensoriel, pr\u00e9vention de la plagioc\u00e9phalie positionnelle et plein d\u2019autres encore!<br \/>\nPour le porteur: Moyen suppl\u00e9mentaire pour r\u00e9pondre aux besoins de b\u00e9b\u00e9 et le calmer, favorise l\u2019attachement, libert\u00e9 de mouvements et d\u2019actions, bras libres pour la vie quotidienne, plaisir, proximit\u00e9, \u2026<\/p>\n<p>Je vous fais d\u00e9couvrir les diff\u00e9rents moyens de portage existants et ensemble nous identifierons vos besoins pour trouver le syst\u00e8me qui vous correspond.<\/p>\n<p>En une ou plusieurs s\u00e9ances, je vous apprendrai le nouage (d\u2019abord avec un poupon puis avec b\u00e9b\u00e9) jusqu\u2019\u00e0 ce que vous puissiez ensuite vous d\u00e9brouiller en toute s\u00e9curit\u00e9 seul(e) chez vous.&nbsp;<\/p>\n<p>Une s\u00e9ance dure environ 1h30 (en fonction des besoins et de la connaissance du porteur).<br \/>\nPrix en individuel (seul ou en couple): 45\u20ac<br \/>\nPrix collectif (d\u00e8s 2 b\u00e9b\u00e9s): 30\u20ac<\/p>\n<p><b>Possibilit\u00e9 de ch\u00e8que cadeau !<\/b><\/p>\n<\/div>\n<\/div><\/div><\/div><\/div><\/div>","protected":false},"excerpt":{"rendered":"<p>Consultations Samedi 08h-13h &nbsp; Langue de consultation: Fran\u00e7ais &nbsp; Contact 0478\/28 10 26 coralie.vdp@hotmail.com Page Facebook&nbsp; &nbsp; Promouvoir la relation parent-enfant par le toucher&#8230; &#8220;Etre touch\u00e9, mass\u00e9, caress\u00e9 est nourriture pour le nouveau-n\u00e9 est une nourriture aussi n\u00e9cessaire que les vitamines, les prot\u00e9ines et les oligo-\u00e9l\u00e9ments. &#8221; Dr F. Leboyer Le massage b\u00e9b\u00e9 Apprenez \u00e0&#8230; <a href=\"https:\/\/nestia.be\/index.php\/coralie-vandeplassche\/\">Continue reading <span class=\"screen-reader-text\">&#8220;Coralie Vandeplassche &#8211; Massage b\u00e9b\u00e9 &#8211; Portage physiologique&#8221;<\/span><\/a><\/p>\n","protected":false},"author":1,"featured_media":0,"parent":0,"menu_order":0,"comment_status":"closed","ping_status":"closed","template":"","meta":{"ngg_post_thumbnail":0,"_vp_format_video_url":"","_vp_image_focal_point":[],"footnotes":""},"class_list":["post-323","page","type-page","status-publish","hentry"],"yoast_head":"<!-- This site is optimized with the Yoast SEO Premium plugin v23.4 (Yoast SEO v27.4) - https:\/\/yoast.com\/product\/yoast-seo-premium-wordpress\/ -->\n<title>Coralie Vandeplassche - Massage b\u00e9b\u00e9 - Portage physiologique - Centre Nestia<\/title>\n<meta name=\"description\" content=\"Coralie vous re\u00e7oit au Centre Nestia \u00e0 Bruxelles pour vous proposer des ateliers de massage b\u00e9b\u00e9s. Moment de complicit\u00e9 assur\u00e9s!\" \/>\n<meta name=\"robots\" content=\"index, follow, max-snippet:-1, max-image-preview:large, max-video-preview:-1\" \/>\n<link rel=\"canonical\" href=\"https:\/\/nestia.be\/index.php\/coralie-vandeplassche\/\" \/>\n<meta property=\"og:locale\" content=\"fr_FR\" \/>\n<meta property=\"og:type\" content=\"article\" \/>\n<meta property=\"og:title\" content=\"Coralie Vandeplassche - Massage b\u00e9b\u00e9 - Portage physiologique\" \/>\n<meta property=\"og:description\" content=\"Coralie vous re\u00e7oit au Centre Nestia \u00e0 Bruxelles pour vous proposer des ateliers de massage b\u00e9b\u00e9s. Moment de complicit\u00e9 assur\u00e9s!\" \/>\n<meta property=\"og:url\" content=\"https:\/\/nestia.be\/index.php\/coralie-vandeplassche\/\" \/>\n<meta property=\"og:site_name\" content=\"Centre Nestia\" \/>\n<meta property=\"article:modified_time\" content=\"2025-06-11T14:34:05+00:00\" \/>\n<meta property=\"og:image\" content=\"https:\/\/nestia.be\/wp-content\/uploads\/2019\/02\/IMG_2567-1.jpg\" \/>\n\t<meta property=\"og:image:width\" content=\"225\" \/>\n\t<meta property=\"og:image:height\" content=\"362\" \/>\n\t<meta property=\"og:image:type\" content=\"image\/jpeg\" \/>\n<meta name=\"twitter:card\" content=\"summary_large_image\" \/>\n<meta name=\"twitter:label1\" content=\"Dur\u00e9e de lecture estim\u00e9e\" \/>\n\t<meta name=\"twitter:data1\" content=\"3 minutes\" \/>\n<script type=\"application\/ld+json\" class=\"yoast-schema-graph\">{\"@context\":\"https:\\\/\\\/schema.org\",\"@graph\":[{\"@type\":\"WebPage\",\"@id\":\"https:\\\/\\\/nestia.be\\\/index.php\\\/coralie-vandeplassche\\\/\",\"url\":\"https:\\\/\\\/nestia.be\\\/index.php\\\/coralie-vandeplassche\\\/\",\"name\":\"Coralie Vandeplassche - Massage b\u00e9b\u00e9 - Portage physiologique - Centre Nestia\",\"isPartOf\":{\"@id\":\"https:\\\/\\\/nestia.be\\\/#website\"},\"primaryImageOfPage\":{\"@id\":\"https:\\\/\\\/nestia.be\\\/index.php\\\/coralie-vandeplassche\\\/#primaryimage\"},\"image\":{\"@id\":\"https:\\\/\\\/nestia.be\\\/index.php\\\/coralie-vandeplassche\\\/#primaryimage\"},\"thumbnailUrl\":\"http:\\\/\\\/nestia.be\\\/wp-content\\\/uploads\\\/2019\\\/02\\\/IMG_2567-1.jpg\",\"datePublished\":\"2019-02-03T21:03:06+00:00\",\"dateModified\":\"2025-06-11T14:34:05+00:00\",\"description\":\"Coralie vous re\u00e7oit au Centre Nestia \u00e0 Bruxelles pour vous proposer des ateliers de massage b\u00e9b\u00e9s. Moment de complicit\u00e9 assur\u00e9s!\",\"breadcrumb\":{\"@id\":\"https:\\\/\\\/nestia.be\\\/index.php\\\/coralie-vandeplassche\\\/#breadcrumb\"},\"inLanguage\":\"fr-FR\",\"potentialAction\":[{\"@type\":\"ReadAction\",\"target\":[\"https:\\\/\\\/nestia.be\\\/index.php\\\/coralie-vandeplassche\\\/\"]}]},{\"@type\":\"ImageObject\",\"inLanguage\":\"fr-FR\",\"@id\":\"https:\\\/\\\/nestia.be\\\/index.php\\\/coralie-vandeplassche\\\/#primaryimage\",\"url\":\"https:\\\/\\\/nestia.be\\\/wp-content\\\/uploads\\\/2019\\\/02\\\/IMG_2567-1.jpg\",\"contentUrl\":\"https:\\\/\\\/nestia.be\\\/wp-content\\\/uploads\\\/2019\\\/02\\\/IMG_2567-1.jpg\",\"width\":225,\"height\":362},{\"@type\":\"BreadcrumbList\",\"@id\":\"https:\\\/\\\/nestia.be\\\/index.php\\\/coralie-vandeplassche\\\/#breadcrumb\",\"itemListElement\":[{\"@type\":\"ListItem\",\"position\":1,\"name\":\"Accueil\",\"item\":\"https:\\\/\\\/nestia.be\\\/\"},{\"@type\":\"ListItem\",\"position\":2,\"name\":\"Coralie Vandeplassche &#8211; Massage b\u00e9b\u00e9 &#8211; Portage physiologique\"}]},{\"@type\":\"WebSite\",\"@id\":\"https:\\\/\\\/nestia.be\\\/#website\",\"url\":\"https:\\\/\\\/nestia.be\\\/\",\"name\":\"Centre Nestia\",\"description\":\"Centre pluridisciplinaire P\u00e9diatrique, P\u00e9rinatal et Familial\",\"publisher\":{\"@id\":\"https:\\\/\\\/nestia.be\\\/#organization\"},\"potentialAction\":[{\"@type\":\"SearchAction\",\"target\":{\"@type\":\"EntryPoint\",\"urlTemplate\":\"https:\\\/\\\/nestia.be\\\/?s={search_term_string}\"},\"query-input\":{\"@type\":\"PropertyValueSpecification\",\"valueRequired\":true,\"valueName\":\"search_term_string\"}}],\"inLanguage\":\"fr-FR\"},{\"@type\":\"Organization\",\"@id\":\"https:\\\/\\\/nestia.be\\\/#organization\",\"name\":\"Centre Nestia\",\"url\":\"https:\\\/\\\/nestia.be\\\/\",\"logo\":{\"@type\":\"ImageObject\",\"inLanguage\":\"fr-FR\",\"@id\":\"https:\\\/\\\/nestia.be\\\/#\\\/schema\\\/logo\\\/image\\\/\",\"url\":\"https:\\\/\\\/nestia.be\\\/wp-content\\\/uploads\\\/2020\\\/12\\\/cropped-69706906_116330719731047_3337316616944746496_n.jpg\",\"contentUrl\":\"https:\\\/\\\/nestia.be\\\/wp-content\\\/uploads\\\/2020\\\/12\\\/cropped-69706906_116330719731047_3337316616944746496_n.jpg\",\"width\":594,\"height\":433,\"caption\":\"Centre Nestia\"},\"image\":{\"@id\":\"https:\\\/\\\/nestia.be\\\/#\\\/schema\\\/logo\\\/image\\\/\"}}]}<\/script>\n<!-- \/ Yoast SEO Premium plugin. -->","yoast_head_json":{"title":"Coralie Vandeplassche - Massage b\u00e9b\u00e9 - Portage physiologique - Centre Nestia","description":"Coralie vous re\u00e7oit au Centre Nestia \u00e0 Bruxelles pour vous proposer des ateliers de massage b\u00e9b\u00e9s. Moment de complicit\u00e9 assur\u00e9s!","robots":{"index":"index","follow":"follow","max-snippet":"max-snippet:-1","max-image-preview":"max-image-preview:large","max-video-preview":"max-video-preview:-1"},"canonical":"https:\/\/nestia.be\/index.php\/coralie-vandeplassche\/","og_locale":"fr_FR","og_type":"article","og_title":"Coralie Vandeplassche - Massage b\u00e9b\u00e9 - Portage physiologique","og_description":"Coralie vous re\u00e7oit au Centre Nestia \u00e0 Bruxelles pour vous proposer des ateliers de massage b\u00e9b\u00e9s. Moment de complicit\u00e9 assur\u00e9s!","og_url":"https:\/\/nestia.be\/index.php\/coralie-vandeplassche\/","og_site_name":"Centre Nestia","article_modified_time":"2025-06-11T14:34:05+00:00","og_image":[{"width":225,"height":362,"url":"https:\/\/nestia.be\/wp-content\/uploads\/2019\/02\/IMG_2567-1.jpg","type":"image\/jpeg"}],"twitter_card":"summary_large_image","twitter_misc":{"Dur\u00e9e de lecture estim\u00e9e":"3 minutes"},"schema":{"@context":"https:\/\/schema.org","@graph":[{"@type":"WebPage","@id":"https:\/\/nestia.be\/index.php\/coralie-vandeplassche\/","url":"https:\/\/nestia.be\/index.php\/coralie-vandeplassche\/","name":"Coralie Vandeplassche - Massage b\u00e9b\u00e9 - Portage physiologique - Centre Nestia","isPartOf":{"@id":"https:\/\/nestia.be\/#website"},"primaryImageOfPage":{"@id":"https:\/\/nestia.be\/index.php\/coralie-vandeplassche\/#primaryimage"},"image":{"@id":"https:\/\/nestia.be\/index.php\/coralie-vandeplassche\/#primaryimage"},"thumbnailUrl":"http:\/\/nestia.be\/wp-content\/uploads\/2019\/02\/IMG_2567-1.jpg","datePublished":"2019-02-03T21:03:06+00:00","dateModified":"2025-06-11T14:34:05+00:00","description":"Coralie vous re\u00e7oit au Centre Nestia \u00e0 Bruxelles pour vous proposer des ateliers de massage b\u00e9b\u00e9s. Moment de complicit\u00e9 assur\u00e9s!","breadcrumb":{"@id":"https:\/\/nestia.be\/index.php\/coralie-vandeplassche\/#breadcrumb"},"inLanguage":"fr-FR","potentialAction":[{"@type":"ReadAction","target":["https:\/\/nestia.be\/index.php\/coralie-vandeplassche\/"]}]},{"@type":"ImageObject","inLanguage":"fr-FR","@id":"https:\/\/nestia.be\/index.php\/coralie-vandeplassche\/#primaryimage","url":"https:\/\/nestia.be\/wp-content\/uploads\/2019\/02\/IMG_2567-1.jpg","contentUrl":"https:\/\/nestia.be\/wp-content\/uploads\/2019\/02\/IMG_2567-1.jpg","width":225,"height":362},{"@type":"BreadcrumbList","@id":"https:\/\/nestia.be\/index.php\/coralie-vandeplassche\/#breadcrumb","itemListElement":[{"@type":"ListItem","position":1,"name":"Accueil","item":"https:\/\/nestia.be\/"},{"@type":"ListItem","position":2,"name":"Coralie Vandeplassche &#8211; Massage b\u00e9b\u00e9 &#8211; Portage physiologique"}]},{"@type":"WebSite","@id":"https:\/\/nestia.be\/#website","url":"https:\/\/nestia.be\/","name":"Centre Nestia","description":"Centre pluridisciplinaire P\u00e9diatrique, P\u00e9rinatal et Familial","publisher":{"@id":"https:\/\/nestia.be\/#organization"},"potentialAction":[{"@type":"SearchAction","target":{"@type":"EntryPoint","urlTemplate":"https:\/\/nestia.be\/?s={search_term_string}"},"query-input":{"@type":"PropertyValueSpecification","valueRequired":true,"valueName":"search_term_string"}}],"inLanguage":"fr-FR"},{"@type":"Organization","@id":"https:\/\/nestia.be\/#organization","name":"Centre Nestia","url":"https:\/\/nestia.be\/","logo":{"@type":"ImageObject","inLanguage":"fr-FR","@id":"https:\/\/nestia.be\/#\/schema\/logo\/image\/","url":"https:\/\/nestia.be\/wp-content\/uploads\/2020\/12\/cropped-69706906_116330719731047_3337316616944746496_n.jpg","contentUrl":"https:\/\/nestia.be\/wp-content\/uploads\/2020\/12\/cropped-69706906_116330719731047_3337316616944746496_n.jpg","width":594,"height":433,"caption":"Centre Nestia"},"image":{"@id":"https:\/\/nestia.be\/#\/schema\/logo\/image\/"}}]}},"_links":{"self":[{"href":"https:\/\/nestia.be\/index.php\/wp-json\/wp\/v2\/pages\/323","targetHints":{"allow":["GET"]}}],"collection":[{"href":"https:\/\/nestia.be\/index.php\/wp-json\/wp\/v2\/pages"}],"about":[{"href":"https:\/\/nestia.be\/index.php\/wp-json\/wp\/v2\/types\/page"}],"author":[{"embeddable":true,"href":"https:\/\/nestia.be\/index.php\/wp-json\/wp\/v2\/users\/1"}],"replies":[{"embeddable":true,"href":"https:\/\/nestia.be\/index.php\/wp-json\/wp\/v2\/comments?post=323"}],"version-history":[{"count":23,"href":"https:\/\/nestia.be\/index.php\/wp-json\/wp\/v2\/pages\/323\/revisions"}],"predecessor-version":[{"id":2590,"href":"https:\/\/nestia.be\/index.php\/wp-json\/wp\/v2\/pages\/323\/revisions\/2590"}],"wp:attachment":[{"href":"https:\/\/nestia.be\/index.php\/wp-json\/wp\/v2\/media?parent=323"}],"curies":[{"name":"wp","href":"https:\/\/api.w.org\/{rel}","templated":true}]}}