{"id":284,"date":"2019-01-08T17:37:59","date_gmt":"2019-01-08T16:37:59","guid":{"rendered":"http:\/\/nestia.be\/?page_id=284"},"modified":"2023-04-20T18:22:03","modified_gmt":"2023-04-20T16:22:03","slug":"massage-bebes","status":"publish","type":"page","link":"https:\/\/nestia.be\/index.php\/massage-bebes\/","title":{"rendered":"Massage B\u00e9b\u00e9s"},"content":{"rendered":"<div id=\"pl-284\"  class=\"panel-layout\" ><div id=\"pg-284-0\"  class=\"panel-grid panel-no-style\" ><div id=\"pgc-284-0-0\"  class=\"panel-grid-cell\" ><div id=\"panel-284-0-0-0\" class=\"so-panel widget widget_sow-editor panel-first-child panel-last-child\" data-index=\"0\" ><div\n\t\t\t\n\t\t\tclass=\"so-widget-sow-editor so-widget-sow-editor-base\"\n\t\t\t\n\t\t>\n<div class=\"siteorigin-widget-tinymce textwidget\">\n\t<p>&nbsp;<\/p>\n<table id=\"homeparagraphs\" class=\"paragraphtable\" style=\"height: 779px;\" border=\"0\" width=\"612\" cellspacing=\"0\" cellpadding=\"0\">\n<tbody>\n<tr>\n<td valign=\"top\" width=\"100%\">\n<h3>Promouvoir la relation parent-enfant par le toucher ...<\/h3>\n<p>\u00ab Etre touch\u00e9, mass\u00e9 et caress\u00e9 est nourriture pour le nouveau-n\u00e9 - une nourriture aussi n\u00e9cessaire que les vitamines, les prot\u00e9ines et les oligo-\u00e9l\u00e9ments. \u00bb&nbsp; Dr F. Leboyer<\/p>\n<p><span style=\"font-size: medium;\"><b>Le massage b\u00e9b\u00e9<\/b><\/span><\/p>\n<p>Apprenez \u00e0 masser votre b\u00e9b\u00e9.<\/p>\n<p>Le massage apporte \u00e9norm\u00e9ment de bienfaits au b\u00e9b\u00e9 ainsi qu\u2019au parent qui le masse&nbsp;:<\/p>\n<p>Interaction parent\/b\u00e9b\u00e9, renforcement du lien d\u2019attachement, soulagement des petits maux (tensions nerveuses, coliques, constipation\u2026), relaxation, et bien d\u2019autres.<\/p>\n<p><strong>Notre instructrice massage b\u00e9b\u00e9 du centre Nestia :<\/strong><\/p>\n<p><span style=\"color: #159696;\"><a style=\"color: #159696;\" href=\"http:\/\/nestia.be\/index.php\/coralie-vandeplassche\/\"><span style=\"color: #136666;\">Coralie&nbsp;Vandeplassche<\/span><\/a><\/span> : instructrice dipl\u00f4m\u00e9e de l'association belge de massage b\u00e9b\u00e9. Le samedi matin sur rendez-vous<\/p>\n<p>0478\/28.10.26<\/p>\n<p style=\"text-align: right;\">&nbsp;<\/p>\n<\/td>\n<\/tr>\n<\/tbody>\n<\/table>\n<\/div>\n<\/div><\/div><\/div><\/div><\/div>","protected":false},"excerpt":{"rendered":"<p>&nbsp; Promouvoir la relation parent-enfant par le toucher &#8230; \u00ab Etre touch\u00e9, mass\u00e9 et caress\u00e9 est nourriture pour le nouveau-n\u00e9 &#8211; une nourriture aussi n\u00e9cessaire que les vitamines, les prot\u00e9ines et les oligo-\u00e9l\u00e9ments. \u00bb&nbsp; Dr F. Leboyer Le massage b\u00e9b\u00e9 Apprenez \u00e0 masser votre b\u00e9b\u00e9. Le massage apporte \u00e9norm\u00e9ment de bienfaits au b\u00e9b\u00e9 ainsi qu\u2019au&#8230; <a href=\"https:\/\/nestia.be\/index.php\/massage-bebes\/\">Continue reading <span class=\"screen-reader-text\">&#8220;Massage B\u00e9b\u00e9s&#8221;<\/span><\/a><\/p>\n","protected":false},"author":1,"featured_media":184,"parent":0,"menu_order":0,"comment_status":"closed","ping_status":"closed","template":"","meta":{"ngg_post_thumbnail":0,"_vp_format_video_url":"","_vp_image_focal_point":[],"footnotes":""},"class_list":["post-284","page","type-page","status-publish","has-post-thumbnail","hentry"],"yoast_head":"<!-- This site is optimized with the Yoast SEO Premium plugin v23.4 (Yoast SEO v27.3) - https:\/\/yoast.com\/product\/yoast-seo-premium-wordpress\/ -->\n<title>Massage B\u00e9b\u00e9s - Centre Nestia<\/title>\n<meta name=\"robots\" content=\"index, follow, max-snippet:-1, max-image-preview:large, max-video-preview:-1\" \/>\n<link rel=\"canonical\" href=\"https:\/\/nestia.be\/index.php\/massage-bebes\/\" \/>\n<meta property=\"og:locale\" content=\"fr_FR\" \/>\n<meta property=\"og:type\" content=\"article\" \/>\n<meta property=\"og:title\" content=\"Massage B\u00e9b\u00e9s\" \/>\n<meta property=\"og:description\" content=\"&nbsp; Promouvoir la relation parent-enfant par le toucher ... \u00ab Etre touch\u00e9, mass\u00e9 et caress\u00e9 est nourriture pour le nouveau-n\u00e9 - une nourriture aussi n\u00e9cessaire que les vitamines, les prot\u00e9ines et les oligo-\u00e9l\u00e9ments. \u00bb&nbsp; Dr F. Leboyer Le massage b\u00e9b\u00e9 Apprenez \u00e0 masser votre b\u00e9b\u00e9. Le massage apporte \u00e9norm\u00e9ment de bienfaits au b\u00e9b\u00e9 ainsi qu\u2019au... Continue reading &quot;Massage B\u00e9b\u00e9s&quot;\" \/>\n<meta property=\"og:url\" content=\"https:\/\/nestia.be\/index.php\/massage-bebes\/\" \/>\n<meta property=\"og:site_name\" content=\"Centre Nestia\" \/>\n<meta property=\"article:modified_time\" content=\"2023-04-20T16:22:03+00:00\" \/>\n<meta property=\"og:image\" content=\"https:\/\/nestia.be\/wp-content\/uploads\/2018\/12\/bebe-bronchiolite.jpg\" \/>\n\t<meta property=\"og:image:width\" content=\"2560\" \/>\n\t<meta property=\"og:image:height\" content=\"1600\" \/>\n\t<meta property=\"og:image:type\" content=\"image\/jpeg\" \/>\n<meta name=\"twitter:card\" content=\"summary_large_image\" \/>\n<meta name=\"twitter:label1\" content=\"Dur\u00e9e de lecture estim\u00e9e\" \/>\n\t<meta name=\"twitter:data1\" content=\"1 minute\" \/>\n<script type=\"application\/ld+json\" class=\"yoast-schema-graph\">{\"@context\":\"https:\\\/\\\/schema.org\",\"@graph\":[{\"@type\":\"WebPage\",\"@id\":\"https:\\\/\\\/nestia.be\\\/index.php\\\/massage-bebes\\\/\",\"url\":\"https:\\\/\\\/nestia.be\\\/index.php\\\/massage-bebes\\\/\",\"name\":\"Massage B\u00e9b\u00e9s - Centre Nestia\",\"isPartOf\":{\"@id\":\"https:\\\/\\\/nestia.be\\\/#website\"},\"primaryImageOfPage\":{\"@id\":\"https:\\\/\\\/nestia.be\\\/index.php\\\/massage-bebes\\\/#primaryimage\"},\"image\":{\"@id\":\"https:\\\/\\\/nestia.be\\\/index.php\\\/massage-bebes\\\/#primaryimage\"},\"thumbnailUrl\":\"https:\\\/\\\/nestia.be\\\/wp-content\\\/uploads\\\/2018\\\/12\\\/bebe-bronchiolite.jpg\",\"datePublished\":\"2019-01-08T16:37:59+00:00\",\"dateModified\":\"2023-04-20T16:22:03+00:00\",\"breadcrumb\":{\"@id\":\"https:\\\/\\\/nestia.be\\\/index.php\\\/massage-bebes\\\/#breadcrumb\"},\"inLanguage\":\"fr-FR\",\"potentialAction\":[{\"@type\":\"ReadAction\",\"target\":[\"https:\\\/\\\/nestia.be\\\/index.php\\\/massage-bebes\\\/\"]}]},{\"@type\":\"ImageObject\",\"inLanguage\":\"fr-FR\",\"@id\":\"https:\\\/\\\/nestia.be\\\/index.php\\\/massage-bebes\\\/#primaryimage\",\"url\":\"https:\\\/\\\/nestia.be\\\/wp-content\\\/uploads\\\/2018\\\/12\\\/bebe-bronchiolite.jpg\",\"contentUrl\":\"https:\\\/\\\/nestia.be\\\/wp-content\\\/uploads\\\/2018\\\/12\\\/bebe-bronchiolite.jpg\",\"width\":2560,\"height\":1600},{\"@type\":\"BreadcrumbList\",\"@id\":\"https:\\\/\\\/nestia.be\\\/index.php\\\/massage-bebes\\\/#breadcrumb\",\"itemListElement\":[{\"@type\":\"ListItem\",\"position\":1,\"name\":\"Accueil\",\"item\":\"https:\\\/\\\/nestia.be\\\/\"},{\"@type\":\"ListItem\",\"position\":2,\"name\":\"Massage B\u00e9b\u00e9s\"}]},{\"@type\":\"WebSite\",\"@id\":\"https:\\\/\\\/nestia.be\\\/#website\",\"url\":\"https:\\\/\\\/nestia.be\\\/\",\"name\":\"Centre Nestia\",\"description\":\"Centre pluridisciplinaire P\u00e9diatrique, P\u00e9rinatal et Familial\",\"publisher\":{\"@id\":\"https:\\\/\\\/nestia.be\\\/#organization\"},\"potentialAction\":[{\"@type\":\"SearchAction\",\"target\":{\"@type\":\"EntryPoint\",\"urlTemplate\":\"https:\\\/\\\/nestia.be\\\/?s={search_term_string}\"},\"query-input\":{\"@type\":\"PropertyValueSpecification\",\"valueRequired\":true,\"valueName\":\"search_term_string\"}}],\"inLanguage\":\"fr-FR\"},{\"@type\":\"Organization\",\"@id\":\"https:\\\/\\\/nestia.be\\\/#organization\",\"name\":\"Centre Nestia\",\"url\":\"https:\\\/\\\/nestia.be\\\/\",\"logo\":{\"@type\":\"ImageObject\",\"inLanguage\":\"fr-FR\",\"@id\":\"https:\\\/\\\/nestia.be\\\/#\\\/schema\\\/logo\\\/image\\\/\",\"url\":\"https:\\\/\\\/nestia.be\\\/wp-content\\\/uploads\\\/2020\\\/12\\\/cropped-69706906_116330719731047_3337316616944746496_n.jpg\",\"contentUrl\":\"https:\\\/\\\/nestia.be\\\/wp-content\\\/uploads\\\/2020\\\/12\\\/cropped-69706906_116330719731047_3337316616944746496_n.jpg\",\"width\":594,\"height\":433,\"caption\":\"Centre Nestia\"},\"image\":{\"@id\":\"https:\\\/\\\/nestia.be\\\/#\\\/schema\\\/logo\\\/image\\\/\"}}]}<\/script>\n<!-- \/ Yoast SEO Premium plugin. -->","yoast_head_json":{"title":"Massage B\u00e9b\u00e9s - Centre Nestia","robots":{"index":"index","follow":"follow","max-snippet":"max-snippet:-1","max-image-preview":"max-image-preview:large","max-video-preview":"max-video-preview:-1"},"canonical":"https:\/\/nestia.be\/index.php\/massage-bebes\/","og_locale":"fr_FR","og_type":"article","og_title":"Massage B\u00e9b\u00e9s","og_description":"&nbsp; Promouvoir la relation parent-enfant par le toucher ... \u00ab Etre touch\u00e9, mass\u00e9 et caress\u00e9 est nourriture pour le nouveau-n\u00e9 - une nourriture aussi n\u00e9cessaire que les vitamines, les prot\u00e9ines et les oligo-\u00e9l\u00e9ments. \u00bb&nbsp; Dr F. Leboyer Le massage b\u00e9b\u00e9 Apprenez \u00e0 masser votre b\u00e9b\u00e9. Le massage apporte \u00e9norm\u00e9ment de bienfaits au b\u00e9b\u00e9 ainsi qu\u2019au... Continue reading \"Massage B\u00e9b\u00e9s\"","og_url":"https:\/\/nestia.be\/index.php\/massage-bebes\/","og_site_name":"Centre Nestia","article_modified_time":"2023-04-20T16:22:03+00:00","og_image":[{"width":2560,"height":1600,"url":"https:\/\/nestia.be\/wp-content\/uploads\/2018\/12\/bebe-bronchiolite.jpg","type":"image\/jpeg"}],"twitter_card":"summary_large_image","twitter_misc":{"Dur\u00e9e de lecture estim\u00e9e":"1 minute"},"schema":{"@context":"https:\/\/schema.org","@graph":[{"@type":"WebPage","@id":"https:\/\/nestia.be\/index.php\/massage-bebes\/","url":"https:\/\/nestia.be\/index.php\/massage-bebes\/","name":"Massage B\u00e9b\u00e9s - Centre Nestia","isPartOf":{"@id":"https:\/\/nestia.be\/#website"},"primaryImageOfPage":{"@id":"https:\/\/nestia.be\/index.php\/massage-bebes\/#primaryimage"},"image":{"@id":"https:\/\/nestia.be\/index.php\/massage-bebes\/#primaryimage"},"thumbnailUrl":"https:\/\/nestia.be\/wp-content\/uploads\/2018\/12\/bebe-bronchiolite.jpg","datePublished":"2019-01-08T16:37:59+00:00","dateModified":"2023-04-20T16:22:03+00:00","breadcrumb":{"@id":"https:\/\/nestia.be\/index.php\/massage-bebes\/#breadcrumb"},"inLanguage":"fr-FR","potentialAction":[{"@type":"ReadAction","target":["https:\/\/nestia.be\/index.php\/massage-bebes\/"]}]},{"@type":"ImageObject","inLanguage":"fr-FR","@id":"https:\/\/nestia.be\/index.php\/massage-bebes\/#primaryimage","url":"https:\/\/nestia.be\/wp-content\/uploads\/2018\/12\/bebe-bronchiolite.jpg","contentUrl":"https:\/\/nestia.be\/wp-content\/uploads\/2018\/12\/bebe-bronchiolite.jpg","width":2560,"height":1600},{"@type":"BreadcrumbList","@id":"https:\/\/nestia.be\/index.php\/massage-bebes\/#breadcrumb","itemListElement":[{"@type":"ListItem","position":1,"name":"Accueil","item":"https:\/\/nestia.be\/"},{"@type":"ListItem","position":2,"name":"Massage B\u00e9b\u00e9s"}]},{"@type":"WebSite","@id":"https:\/\/nestia.be\/#website","url":"https:\/\/nestia.be\/","name":"Centre Nestia","description":"Centre pluridisciplinaire P\u00e9diatrique, P\u00e9rinatal et Familial","publisher":{"@id":"https:\/\/nestia.be\/#organization"},"potentialAction":[{"@type":"SearchAction","target":{"@type":"EntryPoint","urlTemplate":"https:\/\/nestia.be\/?s={search_term_string}"},"query-input":{"@type":"PropertyValueSpecification","valueRequired":true,"valueName":"search_term_string"}}],"inLanguage":"fr-FR"},{"@type":"Organization","@id":"https:\/\/nestia.be\/#organization","name":"Centre Nestia","url":"https:\/\/nestia.be\/","logo":{"@type":"ImageObject","inLanguage":"fr-FR","@id":"https:\/\/nestia.be\/#\/schema\/logo\/image\/","url":"https:\/\/nestia.be\/wp-content\/uploads\/2020\/12\/cropped-69706906_116330719731047_3337316616944746496_n.jpg","contentUrl":"https:\/\/nestia.be\/wp-content\/uploads\/2020\/12\/cropped-69706906_116330719731047_3337316616944746496_n.jpg","width":594,"height":433,"caption":"Centre Nestia"},"image":{"@id":"https:\/\/nestia.be\/#\/schema\/logo\/image\/"}}]}},"_links":{"self":[{"href":"https:\/\/nestia.be\/index.php\/wp-json\/wp\/v2\/pages\/284","targetHints":{"allow":["GET"]}}],"collection":[{"href":"https:\/\/nestia.be\/index.php\/wp-json\/wp\/v2\/pages"}],"about":[{"href":"https:\/\/nestia.be\/index.php\/wp-json\/wp\/v2\/types\/page"}],"author":[{"embeddable":true,"href":"https:\/\/nestia.be\/index.php\/wp-json\/wp\/v2\/users\/1"}],"replies":[{"embeddable":true,"href":"https:\/\/nestia.be\/index.php\/wp-json\/wp\/v2\/comments?post=284"}],"version-history":[{"count":13,"href":"https:\/\/nestia.be\/index.php\/wp-json\/wp\/v2\/pages\/284\/revisions"}],"predecessor-version":[{"id":1883,"href":"https:\/\/nestia.be\/index.php\/wp-json\/wp\/v2\/pages\/284\/revisions\/1883"}],"wp:featuredmedia":[{"embeddable":true,"href":"https:\/\/nestia.be\/index.php\/wp-json\/wp\/v2\/media\/184"}],"wp:attachment":[{"href":"https:\/\/nestia.be\/index.php\/wp-json\/wp\/v2\/media?parent=284"}],"curies":[{"name":"wp","href":"https:\/\/api.w.org\/{rel}","templated":true}]}}