{"id":149,"date":"2018-12-05T21:26:42","date_gmt":"2018-12-05T20:26:42","guid":{"rendered":"http:\/\/nestia.be\/?page_id=149"},"modified":"2025-09-10T19:47:24","modified_gmt":"2025-09-10T17:47:24","slug":"les-therapies","status":"publish","type":"page","link":"https:\/\/nestia.be\/index.php\/les-therapies\/","title":{"rendered":"Les disciplines"},"content":{"rendered":"<p>Les disciplines propos\u00e9es au centre Nestia sont pratiqu\u00e9es par des professionnels de la sant\u00e9, form\u00e9s et de qualit\u00e9.<\/p>\n<p>Accompagnement Parental:<\/p>\n<ul>\n<li><a href=\"https:\/\/nestia.be\/index.php\/ariane-dezalys\/\">Par la naturopathie<\/a><\/li>\n<li><span style=\"color: #1b7575;\"><a style=\"color: #1b7575;\" href=\"https:\/\/nestia.be\/index.php\/fiorella-llanos-psychologue\/\">Par la psychologie<\/a>&nbsp;<\/span><\/li>\n<li><span style=\"color: #1b7575;\"><a style=\"color: #1b7575;\" href=\"https:\/\/nestia.be\/index.php\/psychomotricite-auderghem\/\">Par la psychomotricit\u00e9 parent b\u00e9b\u00e9<\/a>&nbsp;<\/span><\/li>\n<li><span style=\"color: #1b7575;\"><a style=\"color: #1b7575;\" href=\"https:\/\/nestia.be\/index.php\/tatiana-milkovic-hypnose-sophrologie-reiki\/\">Par la sophrologie<\/a>&nbsp;<\/span><\/li>\n<li><a href=\"https:\/\/nestia.be\/index.php\/tatiana-milkovic-hypnose-sophrologie-reiki\/\">Par la th\u00e9rapie Br\u00e8ve Palo Alto<\/a><\/li>\n<\/ul>\n<p>Bilan pluridisciplinaire<\/p>\n<p>Ergoth\u00e9rapie:<\/p>\n<ul>\n<li><span style=\"color: #1b7575;\"><a style=\"color: #1b7575;\" href=\"https:\/\/nestia.be\/index.php\/ergotherapie\/\">Bilan Ergoth\u00e9rapeutique<\/a><\/span><\/li>\n<li><span style=\"color: #1b7575;\"><a style=\"color: #1b7575;\" href=\"https:\/\/nestia.be\/index.php\/ergotherapie\/\">R\u00e9\u00e9ducation<\/a><\/span><\/li>\n<\/ul>\n<p>Hypnose:<\/p>\n<ul>\n<li><span style=\"color: #1b7575;\"><a style=\"color: #1b7575;\" href=\"https:\/\/nestia.be\/index.php\/tatiana-milkovic-hypnose-sophrologie-reiki\/\">Hypnose PTR<\/a><\/span><\/li>\n<li><span style=\"color: #1b7575;\"><a style=\"color: #1b7575;\" href=\"https:\/\/nestia.be\/index.php\/tatiana-milkovic-hypnose-sophrologie-reiki\/\">Traumas (agressions physiques et verbales etc) , phobies, douleurs, addictions,<\/a><\/span><br><span style=\"color: #1b7575;\">harc\u00e8lement, ou toute gestion \u00e9motionnelle difficile.<\/span><\/li>\n<\/ul>\n<p>Kin\u00e9sith\u00e9rapie :<\/p>\n<ul>\n<li><span style=\"color: #1f7878;\"><a style=\"color: #1f7878;\" href=\"https:\/\/nestia.be\/index.php\/kinesitherapie-pediatrique-2\/\">Kin\u00e9sith\u00e9rapie p\u00e9diatrique<\/a> <\/span>: prise en charge post-pr\u00e9maturit\u00e9, neuro-p\u00e9diatrique, retard d\u00e9veloppement moteur, kin\u00e9sith\u00e9rapie respiratoire.<\/li>\n<li><span style=\"color: #1f7878;\"><a style=\"color: #1f7878;\" href=\"https:\/\/nestia.be\/index.php\/kinesitherapie\/\">Kin\u00e9sith\u00e9rapie pr\u00e9 et post-natale<\/a><\/span><\/li>\n<li><span style=\"color: #1b7575;\"><a style=\"color: #1b7575;\" href=\"https:\/\/nestia.be\/index.php\/kinesitherapie-perineale\/\">Kin\u00e9sith\u00e9rapie p\u00e9rin\u00e9ale<\/a><\/span><\/li>\n<\/ul>\n<p>Logop\u00e9die:<\/p>\n<ul>\n<li><span style=\"color: #1b7575;\"><a style=\"color: #1b7575;\" href=\"https:\/\/nestia.be\/index.php\/logopedie-2\/\">Logop\u00e9die chez l&#8217;enfant<\/a><\/span><\/li>\n<li><a href=\"https:\/\/nestia.be\/index.php\/logopedie-2\/\"><span style=\"color: #1b7575;\">Trouble du sommeil &#8211; apn\u00e9es<\/span><\/a><\/li>\n<\/ul>\n<p>Massage b\u00e9b\u00e9s :<\/p>\n<ul>\n<li><span style=\"color: #1b7575;\"><a style=\"color: #1b7575;\" href=\"https:\/\/nestia.be\/index.php\/massage-bebes\/\">Atelier de massage b\u00e9b\u00e9s en individuels ou en collectifs<\/a><\/span><\/li>\n<\/ul>\n<p>Microkin\u00e9sith\u00e9rapie:<\/p>\n<ul>\n<li><span style=\"color: #1b7575;\"><a style=\"color: #1b7575;\" href=\"https:\/\/nestia.be\/index.php\/microkinesitherapie\/\">Microkin\u00e9sith\u00e9rapie du b\u00e9b\u00e9 et de l&#8217;enfant<\/a><\/span><\/li>\n<li><span style=\"color: #1b7575;\"><a style=\"color: #1b7575;\" href=\"https:\/\/nestia.be\/index.php\/microkinesitherapie\/\">Microkin\u00e9sith\u00e9rapie de l&#8217;adulte<\/a><\/span><\/li>\n<\/ul>\n<p>Naturopathie:<\/p>\n<ul>\n<li>\n<p><a href=\"https:\/\/nestia.be\/index.php\/ariane-dezalys\/\">Consultation b\u00e9b\u00e9, enfant, adolescent, adulte<\/a><\/p>\n<\/li>\n<li>\n<p><a href=\"https:\/\/nestia.be\/index.php\/ariane-dezalys\/\">Accompagnement parental<\/a><\/p>\n<\/li>\n<\/ul>\n<p>Neuropsychologie:<\/p>\n<ul>\n<li><span style=\"color: #1b7575;\"><a style=\"color: #1b7575;\" href=\"https:\/\/nestia.be\/index.php\/neuropsychologie\/\">Neuropsychologie de l&#8217;enfant<\/a><\/span><\/li>\n<li><span style=\"color: #1b7575;\"><a style=\"color: #1b7575;\" href=\"https:\/\/nestia.be\/index.php\/neuropsychologie\/\">Neuropsychologie de l&#8217;adolescent<\/a><\/span><\/li>\n<\/ul>\n<p>Ost\u00e9opathie:<\/p>\n<ul>\n<li><span style=\"color: #1f7878;\"><a style=\"color: #1f7878;\" href=\"https:\/\/nestia.be\/index.php\/ostheopatie\/\">Ost\u00e9opathie du nourrisson<\/a><\/span><\/li>\n<li><span style=\"color: #1f7878;\"><a style=\"color: #1f7878;\" href=\"https:\/\/nestia.be\/index.php\/ostheopatie\/\">Ost\u00e9opathie de la femme enceinte <\/a><\/span><\/li>\n<li><span style=\"color: #1f7878;\"><a style=\"color: #1f7878;\" href=\"https:\/\/nestia.be\/index.php\/ostheopatie\/\">Ost\u00e9opathie de l&#8217;adulte<\/a><\/span><\/li>\n<\/ul>\n<p>Portage physiologique<\/p>\n<ul>\n<li><span style=\"color: #1b7575;\"><a style=\"color: #1b7575;\" href=\"https:\/\/nestia.be\/index.php\/ateliers-portages-physiologiques\/\">Atelier portage physiologique<\/a><\/span><\/li>\n<\/ul>\n<p>Psychologie et Psychoth\u00e9rapies:<\/p>\n<ul>\n<li><span style=\"color: #1b7575;\"><a style=\"color: #1b7575;\" href=\"https:\/\/nestia.be\/index.php\/psychologie\/\">Psychologie de l&#8217;enfant<\/a><\/span><\/li>\n<li><span style=\"color: #1b7575;\"><a style=\"color: #1b7575;\" href=\"https:\/\/nestia.be\/index.php\/psychologie\/\">Psychologie de l&#8217;adolescent<\/a><\/span><\/li>\n<li><span style=\"color: #1b7575;\"><a style=\"color: #1b7575;\" href=\"https:\/\/nestia.be\/index.php\/psychologie\/\">Psychologie de la famille<\/a><\/span><\/li>\n<\/ul>\n<p>Psychomotricit\u00e9:<\/p>\n<ul>\n<li><span style=\"color: #1b7575;\"><a style=\"color: #1b7575;\" href=\"https:\/\/nestia.be\/index.php\/psychomotricite-2\/\">Prise en charge psychomotrice<\/a><\/span><\/li>\n<li><span style=\"color: #1b7575;\"><a style=\"color: #1b7575;\" href=\"https:\/\/nestia.be\/index.php\/psychomotricite-2\/\">Bilan de la dynamique psychomotrice<\/a><\/span><\/li>\n<li><span style=\"color: #1b7575;\"><a style=\"color: #1b7575;\" href=\"https:\/\/nestia.be\/index.php\/psychomotricite-2\/\">Psychomotricit\u00e9 parent bebe\/accompagnement parental<\/a><\/span><\/li>\n<li><a href=\"https:\/\/nestia.be\/index.php\/accompagnement-psychocorporel-de-la-femme-enceinte\/\">Accompagnement psychocorporel de la femme enceinte<\/a><\/li>\n<li><a href=\"https:\/\/nestia.be\/index.php\/psychomotricite-2\/\">Pleurs, sommeil et alimentation du b\u00e9b\u00e9 et de l\u2019enfant<\/a><\/li>\n<\/ul>\n<p>R\u00e9flexologie plantaire<\/p>\n<ul>\n<li><a href=\"https:\/\/nestia.be\/index.php\/ariane-dezalys\/\">R\u00e9flexologie pour l&#8217;enfant<\/a><\/li>\n<li><a href=\"https:\/\/nestia.be\/index.php\/ariane-dezalys\/\">R\u00e9flexologie pour l&#8217;adolescent<\/a><\/li>\n<li><a href=\"https:\/\/nestia.be\/index.php\/ariane-dezalys\/\">R\u00e9flexologie pour l&#8217;adulte<\/a><\/li>\n<\/ul>\n<p>Sophrologie&nbsp;<\/p>\n<ul>\n<li><span style=\"color: #1b7575;\"><a style=\"color: #1b7575;\" href=\"https:\/\/nestia.be\/index.php\/tatiana-milkovic-hypnose-sophrologie-reiki\/\">Sophrologie de l&#8217;enfant<\/a><\/span><\/li>\n<li><span style=\"color: #1b7575;\"><a style=\"color: #1b7575;\" href=\"https:\/\/nestia.be\/index.php\/tatiana-milkovic-hypnose-sophrologie-reiki\/\">Sophrologie de l&#8217;adolescent<\/a><\/span><\/li>\n<li><span style=\"color: #1b7575;\"><a style=\"color: #1b7575;\" href=\"https:\/\/nestia.be\/index.php\/tatiana-milkovic-hypnose-sophrologie-reiki\/\">Sophrologie de l&#8217;adulte<\/a><\/span><\/li>\n<li><span style=\"color: #1b7575;\"><a style=\"color: #1b7575;\" href=\"https:\/\/nestia.be\/index.php\/tatiana-milkovic-hypnose-sophrologie-reiki\/\">Accompagnement parental<\/a><\/span><\/li>\n<\/ul>\n<p>Soins \u00e9nerg\u00e9tiques &#8211; Reiki<\/p>\n<ul>\n<li><span style=\"color: #1b7575;\"><a style=\"color: #1b7575;\" href=\"https:\/\/nestia.be\/index.php\/tatiana-milkovic-hypnose-sophrologie-reiki\/\">R\u00e9\u00e9quilibrage et harmonisation \u00e9nerg\u00e9tique et r\u00e9alignement de l\u2019Etre.<\/a><\/span><\/li>\n<li><span style=\"color: #1b7575;\"><a style=\"color: #1b7575;\" href=\"https:\/\/nestia.be\/index.php\/tatiana-milkovic-hypnose-sophrologie-reiki\/\">Soins Reiki<\/a><\/span><\/li>\n<\/ul>\n<p>Th\u00e9rapie Br\u00e8ve Palo Alto<\/p>\n<ul>\n<li>Prise en charge de probl\u00e8mes redondants personnels et professionnels<\/li>\n<li>Accompagnements Adultes<\/li>\n<li>Accompagnements Adolescents<\/li>\n<\/ul>\n\n\n<p><\/p>\n","protected":false},"excerpt":{"rendered":"<p>Les disciplines propos\u00e9es au centre Nestia sont pratiqu\u00e9es par des professionnels de la sant\u00e9, form\u00e9s et de qualit\u00e9. Accompagnement Parental: Par la naturopathie Par la psychologie&nbsp; Par la psychomotricit\u00e9 parent b\u00e9b\u00e9&nbsp; Par la sophrologie&nbsp; Par la th\u00e9rapie Br\u00e8ve Palo Alto Bilan pluridisciplinaire Ergoth\u00e9rapie: Bilan Ergoth\u00e9rapeutique R\u00e9\u00e9ducation Hypnose: Hypnose PTR Traumas (agressions physiques et verbales etc)&#8230; <a href=\"https:\/\/nestia.be\/index.php\/les-therapies\/\">Continue reading <span class=\"screen-reader-text\">&#8220;Les disciplines&#8221;<\/span><\/a><\/p>\n","protected":false},"author":1,"featured_media":0,"parent":0,"menu_order":0,"comment_status":"closed","ping_status":"closed","template":"","meta":{"ngg_post_thumbnail":0,"_vp_format_video_url":"","_vp_image_focal_point":[],"footnotes":""},"class_list":["post-149","page","type-page","status-publish","hentry"],"yoast_head":"<!-- This site is optimized with the Yoast SEO Premium plugin v23.4 (Yoast SEO v27.3) - https:\/\/yoast.com\/product\/yoast-seo-premium-wordpress\/ -->\n<title>Les disciplines - Centre Nestia<\/title>\n<meta name=\"robots\" content=\"index, follow, max-snippet:-1, max-image-preview:large, max-video-preview:-1\" \/>\n<link rel=\"canonical\" href=\"https:\/\/nestia.be\/index.php\/les-therapies\/\" \/>\n<meta property=\"og:locale\" content=\"fr_FR\" \/>\n<meta property=\"og:type\" content=\"article\" \/>\n<meta property=\"og:title\" content=\"Les disciplines\" \/>\n<meta property=\"og:description\" content=\"Les disciplines propos\u00e9es au centre Nestia sont pratiqu\u00e9es par des professionnels de la sant\u00e9, form\u00e9s et de qualit\u00e9. Accompagnement Parental: Par la naturopathie Par la psychologie&nbsp; Par la psychomotricit\u00e9 parent b\u00e9b\u00e9&nbsp; Par la sophrologie&nbsp; Par la th\u00e9rapie Br\u00e8ve Palo Alto Bilan pluridisciplinaire Ergoth\u00e9rapie: Bilan Ergoth\u00e9rapeutique R\u00e9\u00e9ducation Hypnose: Hypnose PTR Traumas (agressions physiques et verbales etc)... Continue reading &quot;Les disciplines&quot;\" \/>\n<meta property=\"og:url\" content=\"https:\/\/nestia.be\/index.php\/les-therapies\/\" \/>\n<meta property=\"og:site_name\" content=\"Centre Nestia\" \/>\n<meta property=\"article:modified_time\" content=\"2025-09-10T17:47:24+00:00\" \/>\n<meta name=\"twitter:card\" content=\"summary_large_image\" \/>\n<meta name=\"twitter:label1\" content=\"Dur\u00e9e de lecture estim\u00e9e\" \/>\n\t<meta name=\"twitter:data1\" content=\"2 minutes\" \/>\n<script type=\"application\/ld+json\" class=\"yoast-schema-graph\">{\"@context\":\"https:\\\/\\\/schema.org\",\"@graph\":[{\"@type\":\"WebPage\",\"@id\":\"https:\\\/\\\/nestia.be\\\/index.php\\\/les-therapies\\\/\",\"url\":\"https:\\\/\\\/nestia.be\\\/index.php\\\/les-therapies\\\/\",\"name\":\"Les disciplines - Centre Nestia\",\"isPartOf\":{\"@id\":\"https:\\\/\\\/nestia.be\\\/#website\"},\"datePublished\":\"2018-12-05T20:26:42+00:00\",\"dateModified\":\"2025-09-10T17:47:24+00:00\",\"breadcrumb\":{\"@id\":\"https:\\\/\\\/nestia.be\\\/index.php\\\/les-therapies\\\/#breadcrumb\"},\"inLanguage\":\"fr-FR\",\"potentialAction\":[{\"@type\":\"ReadAction\",\"target\":[\"https:\\\/\\\/nestia.be\\\/index.php\\\/les-therapies\\\/\"]}]},{\"@type\":\"BreadcrumbList\",\"@id\":\"https:\\\/\\\/nestia.be\\\/index.php\\\/les-therapies\\\/#breadcrumb\",\"itemListElement\":[{\"@type\":\"ListItem\",\"position\":1,\"name\":\"Accueil\",\"item\":\"https:\\\/\\\/nestia.be\\\/\"},{\"@type\":\"ListItem\",\"position\":2,\"name\":\"Les disciplines\"}]},{\"@type\":\"WebSite\",\"@id\":\"https:\\\/\\\/nestia.be\\\/#website\",\"url\":\"https:\\\/\\\/nestia.be\\\/\",\"name\":\"Centre Nestia\",\"description\":\"Centre pluridisciplinaire P\u00e9diatrique, P\u00e9rinatal et Familial\",\"publisher\":{\"@id\":\"https:\\\/\\\/nestia.be\\\/#organization\"},\"potentialAction\":[{\"@type\":\"SearchAction\",\"target\":{\"@type\":\"EntryPoint\",\"urlTemplate\":\"https:\\\/\\\/nestia.be\\\/?s={search_term_string}\"},\"query-input\":{\"@type\":\"PropertyValueSpecification\",\"valueRequired\":true,\"valueName\":\"search_term_string\"}}],\"inLanguage\":\"fr-FR\"},{\"@type\":\"Organization\",\"@id\":\"https:\\\/\\\/nestia.be\\\/#organization\",\"name\":\"Centre Nestia\",\"url\":\"https:\\\/\\\/nestia.be\\\/\",\"logo\":{\"@type\":\"ImageObject\",\"inLanguage\":\"fr-FR\",\"@id\":\"https:\\\/\\\/nestia.be\\\/#\\\/schema\\\/logo\\\/image\\\/\",\"url\":\"https:\\\/\\\/nestia.be\\\/wp-content\\\/uploads\\\/2020\\\/12\\\/cropped-69706906_116330719731047_3337316616944746496_n.jpg\",\"contentUrl\":\"https:\\\/\\\/nestia.be\\\/wp-content\\\/uploads\\\/2020\\\/12\\\/cropped-69706906_116330719731047_3337316616944746496_n.jpg\",\"width\":594,\"height\":433,\"caption\":\"Centre Nestia\"},\"image\":{\"@id\":\"https:\\\/\\\/nestia.be\\\/#\\\/schema\\\/logo\\\/image\\\/\"}}]}<\/script>\n<!-- \/ Yoast SEO Premium plugin. -->","yoast_head_json":{"title":"Les disciplines - Centre Nestia","robots":{"index":"index","follow":"follow","max-snippet":"max-snippet:-1","max-image-preview":"max-image-preview:large","max-video-preview":"max-video-preview:-1"},"canonical":"https:\/\/nestia.be\/index.php\/les-therapies\/","og_locale":"fr_FR","og_type":"article","og_title":"Les disciplines","og_description":"Les disciplines propos\u00e9es au centre Nestia sont pratiqu\u00e9es par des professionnels de la sant\u00e9, form\u00e9s et de qualit\u00e9. Accompagnement Parental: Par la naturopathie Par la psychologie&nbsp; Par la psychomotricit\u00e9 parent b\u00e9b\u00e9&nbsp; Par la sophrologie&nbsp; Par la th\u00e9rapie Br\u00e8ve Palo Alto Bilan pluridisciplinaire Ergoth\u00e9rapie: Bilan Ergoth\u00e9rapeutique R\u00e9\u00e9ducation Hypnose: Hypnose PTR Traumas (agressions physiques et verbales etc)... Continue reading \"Les disciplines\"","og_url":"https:\/\/nestia.be\/index.php\/les-therapies\/","og_site_name":"Centre Nestia","article_modified_time":"2025-09-10T17:47:24+00:00","twitter_card":"summary_large_image","twitter_misc":{"Dur\u00e9e de lecture estim\u00e9e":"2 minutes"},"schema":{"@context":"https:\/\/schema.org","@graph":[{"@type":"WebPage","@id":"https:\/\/nestia.be\/index.php\/les-therapies\/","url":"https:\/\/nestia.be\/index.php\/les-therapies\/","name":"Les disciplines - Centre Nestia","isPartOf":{"@id":"https:\/\/nestia.be\/#website"},"datePublished":"2018-12-05T20:26:42+00:00","dateModified":"2025-09-10T17:47:24+00:00","breadcrumb":{"@id":"https:\/\/nestia.be\/index.php\/les-therapies\/#breadcrumb"},"inLanguage":"fr-FR","potentialAction":[{"@type":"ReadAction","target":["https:\/\/nestia.be\/index.php\/les-therapies\/"]}]},{"@type":"BreadcrumbList","@id":"https:\/\/nestia.be\/index.php\/les-therapies\/#breadcrumb","itemListElement":[{"@type":"ListItem","position":1,"name":"Accueil","item":"https:\/\/nestia.be\/"},{"@type":"ListItem","position":2,"name":"Les disciplines"}]},{"@type":"WebSite","@id":"https:\/\/nestia.be\/#website","url":"https:\/\/nestia.be\/","name":"Centre Nestia","description":"Centre pluridisciplinaire P\u00e9diatrique, P\u00e9rinatal et Familial","publisher":{"@id":"https:\/\/nestia.be\/#organization"},"potentialAction":[{"@type":"SearchAction","target":{"@type":"EntryPoint","urlTemplate":"https:\/\/nestia.be\/?s={search_term_string}"},"query-input":{"@type":"PropertyValueSpecification","valueRequired":true,"valueName":"search_term_string"}}],"inLanguage":"fr-FR"},{"@type":"Organization","@id":"https:\/\/nestia.be\/#organization","name":"Centre Nestia","url":"https:\/\/nestia.be\/","logo":{"@type":"ImageObject","inLanguage":"fr-FR","@id":"https:\/\/nestia.be\/#\/schema\/logo\/image\/","url":"https:\/\/nestia.be\/wp-content\/uploads\/2020\/12\/cropped-69706906_116330719731047_3337316616944746496_n.jpg","contentUrl":"https:\/\/nestia.be\/wp-content\/uploads\/2020\/12\/cropped-69706906_116330719731047_3337316616944746496_n.jpg","width":594,"height":433,"caption":"Centre Nestia"},"image":{"@id":"https:\/\/nestia.be\/#\/schema\/logo\/image\/"}}]}},"_links":{"self":[{"href":"https:\/\/nestia.be\/index.php\/wp-json\/wp\/v2\/pages\/149","targetHints":{"allow":["GET"]}}],"collection":[{"href":"https:\/\/nestia.be\/index.php\/wp-json\/wp\/v2\/pages"}],"about":[{"href":"https:\/\/nestia.be\/index.php\/wp-json\/wp\/v2\/types\/page"}],"author":[{"embeddable":true,"href":"https:\/\/nestia.be\/index.php\/wp-json\/wp\/v2\/users\/1"}],"replies":[{"embeddable":true,"href":"https:\/\/nestia.be\/index.php\/wp-json\/wp\/v2\/comments?post=149"}],"version-history":[{"count":49,"href":"https:\/\/nestia.be\/index.php\/wp-json\/wp\/v2\/pages\/149\/revisions"}],"predecessor-version":[{"id":2627,"href":"https:\/\/nestia.be\/index.php\/wp-json\/wp\/v2\/pages\/149\/revisions\/2627"}],"wp:attachment":[{"href":"https:\/\/nestia.be\/index.php\/wp-json\/wp\/v2\/media?parent=149"}],"curies":[{"name":"wp","href":"https:\/\/api.w.org\/{rel}","templated":true}]}}