{"id":1249,"date":"2021-02-10T16:53:59","date_gmt":"2021-02-10T15:53:59","guid":{"rendered":"http:\/\/nestia.be\/?page_id=1249"},"modified":"2024-01-25T10:42:50","modified_gmt":"2024-01-25T09:42:50","slug":"blog","status":"publish","type":"page","link":"https:\/\/nestia.be\/index.php\/blog\/","title":{"rendered":"Blog"},"content":{"rendered":"<div id=\"pl-1249\"  class=\"panel-layout\" ><div id=\"pg-1249-0\"  class=\"panel-grid panel-no-style\" ><div id=\"pgc-1249-0-0\"  class=\"panel-grid-cell\" ><div id=\"panel-1249-0-0-0\" class=\"so-panel widget widget_sow-editor panel-first-child panel-last-child\" data-index=\"0\" ><div\n\t\t\t\n\t\t\tclass=\"so-widget-sow-editor so-widget-sow-editor-base\"\n\t\t\t\n\t\t>\n<div class=\"siteorigin-widget-tinymce textwidget\">\n\t<p>Vous trouverez ici les articles \u00e9crits par les th\u00e9rapeutes du Centre Nestia.<\/p>\n<\/div>\n<\/div><\/div><\/div><\/div><div id=\"pg-1249-1\"  class=\"panel-grid panel-no-style\" ><div id=\"pgc-1249-1-0\"  class=\"panel-grid-cell panel-grid-cell-empty\" ><\/div><div id=\"pgc-1249-1-1\"  class=\"panel-grid-cell\" ><div id=\"panel-1249-1-1-0\" class=\"so-panel widget widget_sow-editor panel-first-child panel-last-child\" data-index=\"1\" ><div\n\t\t\t\n\t\t\tclass=\"so-widget-sow-editor so-widget-sow-editor-base\"\n\t\t\t\n\t\t>\n<div class=\"siteorigin-widget-tinymce textwidget\">\n\t<p><strong><a href=\"https:\/\/nestia.be\/index.php\/2024\/01\/25\/la-sophrologie-chez-les-enfants\/\">La sophrologie et les enfants <\/a><\/strong>par <a href=\"http:\/\/nestia.be\/index.php\/marine-delvigne-kinesitherapie-pediatrique\/\">Tatatiana Milkovic <\/a>, <span class=\"OYPEnA text-decoration-none text-strikethrough-none\">Sophrologie- Hypnose PTR\/ soins \u00e9nerg\u00e9tiques : <\/span><span class=\"OYPEnA text-decoration-none text-strikethrough-none\">Adultes, Adolescents et Enfants <em>(Janvier 2024)&nbsp;<\/em><\/span><\/p>\n<\/div>\n<\/div><\/div><\/div><\/div><div id=\"pg-1249-2\"  class=\"panel-grid panel-no-style\" ><div id=\"pgc-1249-2-0\"  class=\"panel-grid-cell panel-grid-cell-empty\" ><\/div><div id=\"pgc-1249-2-1\"  class=\"panel-grid-cell\" ><div id=\"panel-1249-2-1-0\" class=\"so-panel widget widget_sow-editor panel-first-child panel-last-child\" data-index=\"2\" ><div\n\t\t\t\n\t\t\tclass=\"so-widget-sow-editor so-widget-sow-editor-base\"\n\t\t\t\n\t\t>\n<div class=\"siteorigin-widget-tinymce textwidget\">\n\t<p><strong><a href=\"https:\/\/nestia.be\/index.php\/2023\/12\/16\/help-mon-enfant-sassied-en-w\/\">Help! mon enfant s\u2019assoit en \u00ab w \u00bb <\/a><\/strong>par <a href=\"http:\/\/nestia.be\/index.php\/marine-delvigne-kinesitherapie-pediatrique\/\">Marine Delvigne<\/a>, kin\u00e9sith\u00e9rapeute p\u00e9diatrique, th\u00e9rapeute Bobath et sp\u00e9cialiste de la prise en charge pr\u00e9coce. <em>(d\u00e9cembre 2023)<\/em><\/p>\n<\/div>\n<\/div><\/div><\/div><\/div><div id=\"pg-1249-3\"  class=\"panel-grid panel-no-style\" ><div id=\"pgc-1249-3-0\"  class=\"panel-grid-cell panel-grid-cell-empty\" ><\/div><div id=\"pgc-1249-3-1\"  class=\"panel-grid-cell\" ><div id=\"panel-1249-3-1-0\" class=\"so-panel widget widget_sow-editor panel-first-child panel-last-child\" data-index=\"3\" ><div\n\t\t\t\n\t\t\tclass=\"so-widget-sow-editor so-widget-sow-editor-base\"\n\t\t\t\n\t\t>\n<div class=\"siteorigin-widget-tinymce textwidget\">\n\t<p><strong><span style=\"color: #1b7575;\"><a style=\"color: #1b7575;\" href=\"https:\/\/nestia.be\/index.php\/motricite-du-nourrisson-choisir-son-tapis-de-motricite\/\">\"<em>Choisir son tapis de motricit\u00e9\"<\/em><\/a><\/span> <\/strong>par <span style=\"color: #1b7575;\"><a style=\"color: #1b7575;\" href=\"http:\/\/nestia.be\/index.php\/marine-delvigne-kinesitherapie-pediatrique\/\">Marine Delvigne<\/a><\/span>, kin\u00e9sith\u00e9rapeute p\u00e9diatrique, th\u00e9rapeute Bobath et sp\u00e9cialiste de la prise en charge pr\u00e9coce. <em>(octobre 2023)<\/em><\/p>\n<\/div>\n<\/div><\/div><\/div><\/div><div id=\"pg-1249-4\"  class=\"panel-grid panel-no-style\" ><div id=\"pgc-1249-4-0\"  class=\"panel-grid-cell\" ><div id=\"panel-1249-4-0-0\" class=\"so-panel widget widget_sow-image panel-first-child panel-last-child\" data-index=\"4\" ><div\n\t\t\t\n\t\t\tclass=\"so-widget-sow-image so-widget-sow-image-default-8b5b6f678277-1249\"\n\t\t\t\n\t\t>\n<div class=\"sow-image-container\">\n\t\t\t<a href=\"https:\/\/nestia.be\/index.php\/2021\/02\/10\/motricite-du-nourrisson-limportance-de-jouer-sur-le-ventre\/\"\n\t\t\t\t\t>\n\t\t\t<img \n\tsrc=\"https:\/\/nestia.be\/wp-content\/uploads\/2021\/02\/pexels-victoria-borodinova-1648375-scaled.jpg\" width=\"2560\" height=\"1707\" srcset=\"https:\/\/nestia.be\/wp-content\/uploads\/2021\/02\/pexels-victoria-borodinova-1648375-scaled.jpg 2560w, https:\/\/nestia.be\/wp-content\/uploads\/2021\/02\/pexels-victoria-borodinova-1648375-300x200.jpg 300w, https:\/\/nestia.be\/wp-content\/uploads\/2021\/02\/pexels-victoria-borodinova-1648375-1024x683.jpg 1024w, https:\/\/nestia.be\/wp-content\/uploads\/2021\/02\/pexels-victoria-borodinova-1648375-768x512.jpg 768w, https:\/\/nestia.be\/wp-content\/uploads\/2021\/02\/pexels-victoria-borodinova-1648375-500x333.jpg 500w, https:\/\/nestia.be\/wp-content\/uploads\/2021\/02\/pexels-victoria-borodinova-1648375-800x533.jpg 800w, https:\/\/nestia.be\/wp-content\/uploads\/2021\/02\/pexels-victoria-borodinova-1648375-1280x853.jpg 1280w, https:\/\/nestia.be\/wp-content\/uploads\/2021\/02\/pexels-victoria-borodinova-1648375-1920x1280.jpg 1920w, https:\/\/nestia.be\/wp-content\/uploads\/2021\/02\/pexels-victoria-borodinova-1648375-1536x1024.jpg 1536w, https:\/\/nestia.be\/wp-content\/uploads\/2021\/02\/pexels-victoria-borodinova-1648375-2048x1365.jpg 2048w, https:\/\/nestia.be\/wp-content\/uploads\/2021\/02\/pexels-victoria-borodinova-1648375-612x408.jpg 612w, https:\/\/nestia.be\/wp-content\/uploads\/2021\/02\/pexels-victoria-borodinova-1648375-1224x816.jpg 1224w, https:\/\/nestia.be\/wp-content\/uploads\/2021\/02\/pexels-victoria-borodinova-1648375-936x624.jpg 936w, https:\/\/nestia.be\/wp-content\/uploads\/2021\/02\/pexels-victoria-borodinova-1648375-1872x1248.jpg 1872w, https:\/\/nestia.be\/wp-content\/uploads\/2021\/02\/pexels-victoria-borodinova-1648375-1440x960.jpg 1440w, https:\/\/nestia.be\/wp-content\/uploads\/2021\/02\/pexels-victoria-borodinova-1648375-720x480.jpg 720w, https:\/\/nestia.be\/wp-content\/uploads\/2021\/02\/pexels-victoria-borodinova-1648375-272x182.jpg 272w\" sizes=\"(max-width: 2560px) 100vw, 2560px\" title=\"pexels-victoria-borodinova-1648375\" alt=\"\" \t\tclass=\"so-widget-image\"\/>\n\t\t\t<\/a><\/div>\n\n<\/div><\/div><\/div><div id=\"pgc-1249-4-1\"  class=\"panel-grid-cell\" ><div id=\"panel-1249-4-1-0\" class=\"so-panel widget widget_sow-editor panel-first-child panel-last-child\" data-index=\"5\" ><div\n\t\t\t\n\t\t\tclass=\"so-widget-sow-editor so-widget-sow-editor-base\"\n\t\t\t\n\t\t>\n<div class=\"siteorigin-widget-tinymce textwidget\">\n\t<p><strong><span style=\"color: #1b7575;\"><a style=\"color: #1b7575;\" href=\"http:\/\/nestia.be\/index.php\/2021\/02\/10\/motricite-du-nourrisson-limportance-de-jouer-sur-le-ventre\/\">\"<em>Motricit\u00e9 du Nourrisson : l'importance de jouer sur le ventre\"<\/em><\/a><\/span> <\/strong>par <span style=\"color: #1b7575;\"><a style=\"color: #1b7575;\" href=\"http:\/\/nestia.be\/index.php\/marine-delvigne-kinesitherapie-pediatrique\/\">Marine Delvigne<\/a><\/span>, kin\u00e9sith\u00e9rapeute p\u00e9diatrique, th\u00e9rapeute Bobath et sp\u00e9cialiste de la prise en charge pr\u00e9coce. <em>(f\u00e9vrier 2021)<\/em><\/p>\n<\/div>\n<\/div><\/div><\/div><\/div><\/div>","protected":false},"excerpt":{"rendered":"<p>Vous trouverez ici les articles \u00e9crits par les th\u00e9rapeutes du Centre Nestia. La sophrologie et les enfants par Tatatiana Milkovic , Sophrologie- Hypnose PTR\/ soins \u00e9nerg\u00e9tiques : Adultes, Adolescents et Enfants (Janvier 2024)&nbsp;<\/p>\n","protected":false},"author":1,"featured_media":0,"parent":0,"menu_order":0,"comment_status":"closed","ping_status":"closed","template":"","meta":{"ngg_post_thumbnail":0,"_vp_format_video_url":"","_vp_image_focal_point":[],"footnotes":""},"class_list":["post-1249","page","type-page","status-publish","hentry"],"yoast_head":"<!-- This site is optimized with the Yoast SEO Premium plugin v23.4 (Yoast SEO v27.3) - https:\/\/yoast.com\/product\/yoast-seo-premium-wordpress\/ -->\n<title>Blog - Centre Nestia<\/title>\n<meta name=\"robots\" content=\"index, follow, max-snippet:-1, max-image-preview:large, max-video-preview:-1\" \/>\n<link rel=\"canonical\" href=\"https:\/\/nestia.be\/index.php\/blog\/\" \/>\n<meta property=\"og:locale\" content=\"fr_FR\" \/>\n<meta property=\"og:type\" content=\"article\" \/>\n<meta property=\"og:title\" content=\"Blog\" \/>\n<meta property=\"og:description\" content=\"Vous trouverez ici les articles \u00e9crits par les th\u00e9rapeutes du Centre Nestia. La sophrologie et les enfants par Tatatiana Milkovic , Sophrologie- Hypnose PTR\/ soins \u00e9nerg\u00e9tiques : Adultes, Adolescents et Enfants (Janvier 2024)&nbsp;\" \/>\n<meta property=\"og:url\" content=\"https:\/\/nestia.be\/index.php\/blog\/\" \/>\n<meta property=\"og:site_name\" content=\"Centre Nestia\" \/>\n<meta property=\"article:modified_time\" content=\"2024-01-25T09:42:50+00:00\" \/>\n<meta name=\"twitter:card\" content=\"summary_large_image\" \/>\n<meta name=\"twitter:label1\" content=\"Dur\u00e9e de lecture estim\u00e9e\" \/>\n\t<meta name=\"twitter:data1\" content=\"1 minute\" \/>\n<script type=\"application\/ld+json\" class=\"yoast-schema-graph\">{\"@context\":\"https:\\\/\\\/schema.org\",\"@graph\":[{\"@type\":\"WebPage\",\"@id\":\"https:\\\/\\\/nestia.be\\\/index.php\\\/blog\\\/\",\"url\":\"https:\\\/\\\/nestia.be\\\/index.php\\\/blog\\\/\",\"name\":\"Blog - Centre Nestia\",\"isPartOf\":{\"@id\":\"https:\\\/\\\/nestia.be\\\/#website\"},\"datePublished\":\"2021-02-10T15:53:59+00:00\",\"dateModified\":\"2024-01-25T09:42:50+00:00\",\"breadcrumb\":{\"@id\":\"https:\\\/\\\/nestia.be\\\/index.php\\\/blog\\\/#breadcrumb\"},\"inLanguage\":\"fr-FR\",\"potentialAction\":[{\"@type\":\"ReadAction\",\"target\":[\"https:\\\/\\\/nestia.be\\\/index.php\\\/blog\\\/\"]}]},{\"@type\":\"BreadcrumbList\",\"@id\":\"https:\\\/\\\/nestia.be\\\/index.php\\\/blog\\\/#breadcrumb\",\"itemListElement\":[{\"@type\":\"ListItem\",\"position\":1,\"name\":\"Accueil\",\"item\":\"https:\\\/\\\/nestia.be\\\/\"},{\"@type\":\"ListItem\",\"position\":2,\"name\":\"Blog\"}]},{\"@type\":\"WebSite\",\"@id\":\"https:\\\/\\\/nestia.be\\\/#website\",\"url\":\"https:\\\/\\\/nestia.be\\\/\",\"name\":\"Centre Nestia\",\"description\":\"Centre pluridisciplinaire P\u00e9diatrique, P\u00e9rinatal et Familial\",\"publisher\":{\"@id\":\"https:\\\/\\\/nestia.be\\\/#organization\"},\"potentialAction\":[{\"@type\":\"SearchAction\",\"target\":{\"@type\":\"EntryPoint\",\"urlTemplate\":\"https:\\\/\\\/nestia.be\\\/?s={search_term_string}\"},\"query-input\":{\"@type\":\"PropertyValueSpecification\",\"valueRequired\":true,\"valueName\":\"search_term_string\"}}],\"inLanguage\":\"fr-FR\"},{\"@type\":\"Organization\",\"@id\":\"https:\\\/\\\/nestia.be\\\/#organization\",\"name\":\"Centre Nestia\",\"url\":\"https:\\\/\\\/nestia.be\\\/\",\"logo\":{\"@type\":\"ImageObject\",\"inLanguage\":\"fr-FR\",\"@id\":\"https:\\\/\\\/nestia.be\\\/#\\\/schema\\\/logo\\\/image\\\/\",\"url\":\"https:\\\/\\\/nestia.be\\\/wp-content\\\/uploads\\\/2020\\\/12\\\/cropped-69706906_116330719731047_3337316616944746496_n.jpg\",\"contentUrl\":\"https:\\\/\\\/nestia.be\\\/wp-content\\\/uploads\\\/2020\\\/12\\\/cropped-69706906_116330719731047_3337316616944746496_n.jpg\",\"width\":594,\"height\":433,\"caption\":\"Centre Nestia\"},\"image\":{\"@id\":\"https:\\\/\\\/nestia.be\\\/#\\\/schema\\\/logo\\\/image\\\/\"}}]}<\/script>\n<!-- \/ Yoast SEO Premium plugin. -->","yoast_head_json":{"title":"Blog - Centre Nestia","robots":{"index":"index","follow":"follow","max-snippet":"max-snippet:-1","max-image-preview":"max-image-preview:large","max-video-preview":"max-video-preview:-1"},"canonical":"https:\/\/nestia.be\/index.php\/blog\/","og_locale":"fr_FR","og_type":"article","og_title":"Blog","og_description":"Vous trouverez ici les articles \u00e9crits par les th\u00e9rapeutes du Centre Nestia. La sophrologie et les enfants par Tatatiana Milkovic , Sophrologie- Hypnose PTR\/ soins \u00e9nerg\u00e9tiques : Adultes, Adolescents et Enfants (Janvier 2024)&nbsp;","og_url":"https:\/\/nestia.be\/index.php\/blog\/","og_site_name":"Centre Nestia","article_modified_time":"2024-01-25T09:42:50+00:00","twitter_card":"summary_large_image","twitter_misc":{"Dur\u00e9e de lecture estim\u00e9e":"1 minute"},"schema":{"@context":"https:\/\/schema.org","@graph":[{"@type":"WebPage","@id":"https:\/\/nestia.be\/index.php\/blog\/","url":"https:\/\/nestia.be\/index.php\/blog\/","name":"Blog - Centre Nestia","isPartOf":{"@id":"https:\/\/nestia.be\/#website"},"datePublished":"2021-02-10T15:53:59+00:00","dateModified":"2024-01-25T09:42:50+00:00","breadcrumb":{"@id":"https:\/\/nestia.be\/index.php\/blog\/#breadcrumb"},"inLanguage":"fr-FR","potentialAction":[{"@type":"ReadAction","target":["https:\/\/nestia.be\/index.php\/blog\/"]}]},{"@type":"BreadcrumbList","@id":"https:\/\/nestia.be\/index.php\/blog\/#breadcrumb","itemListElement":[{"@type":"ListItem","position":1,"name":"Accueil","item":"https:\/\/nestia.be\/"},{"@type":"ListItem","position":2,"name":"Blog"}]},{"@type":"WebSite","@id":"https:\/\/nestia.be\/#website","url":"https:\/\/nestia.be\/","name":"Centre Nestia","description":"Centre pluridisciplinaire P\u00e9diatrique, P\u00e9rinatal et Familial","publisher":{"@id":"https:\/\/nestia.be\/#organization"},"potentialAction":[{"@type":"SearchAction","target":{"@type":"EntryPoint","urlTemplate":"https:\/\/nestia.be\/?s={search_term_string}"},"query-input":{"@type":"PropertyValueSpecification","valueRequired":true,"valueName":"search_term_string"}}],"inLanguage":"fr-FR"},{"@type":"Organization","@id":"https:\/\/nestia.be\/#organization","name":"Centre Nestia","url":"https:\/\/nestia.be\/","logo":{"@type":"ImageObject","inLanguage":"fr-FR","@id":"https:\/\/nestia.be\/#\/schema\/logo\/image\/","url":"https:\/\/nestia.be\/wp-content\/uploads\/2020\/12\/cropped-69706906_116330719731047_3337316616944746496_n.jpg","contentUrl":"https:\/\/nestia.be\/wp-content\/uploads\/2020\/12\/cropped-69706906_116330719731047_3337316616944746496_n.jpg","width":594,"height":433,"caption":"Centre Nestia"},"image":{"@id":"https:\/\/nestia.be\/#\/schema\/logo\/image\/"}}]}},"_links":{"self":[{"href":"https:\/\/nestia.be\/index.php\/wp-json\/wp\/v2\/pages\/1249","targetHints":{"allow":["GET"]}}],"collection":[{"href":"https:\/\/nestia.be\/index.php\/wp-json\/wp\/v2\/pages"}],"about":[{"href":"https:\/\/nestia.be\/index.php\/wp-json\/wp\/v2\/types\/page"}],"author":[{"embeddable":true,"href":"https:\/\/nestia.be\/index.php\/wp-json\/wp\/v2\/users\/1"}],"replies":[{"embeddable":true,"href":"https:\/\/nestia.be\/index.php\/wp-json\/wp\/v2\/comments?post=1249"}],"version-history":[{"count":11,"href":"https:\/\/nestia.be\/index.php\/wp-json\/wp\/v2\/pages\/1249\/revisions"}],"predecessor-version":[{"id":2252,"href":"https:\/\/nestia.be\/index.php\/wp-json\/wp\/v2\/pages\/1249\/revisions\/2252"}],"wp:attachment":[{"href":"https:\/\/nestia.be\/index.php\/wp-json\/wp\/v2\/media?parent=1249"}],"curies":[{"name":"wp","href":"https:\/\/api.w.org\/{rel}","templated":true}]}}